CRAN Package Check Results for Package catnet

Last updated on 2018-10-16 22:56:06 CEST.

Flavor Version Tinstall Tcheck Ttotal Status Flags
r-devel-linux-x86_64-debian-clang 1.15.3 24.19 51.32 75.51 OK --no-examples --no-tests --no-vignettes
r-devel-linux-x86_64-debian-gcc 1.15.3 22.95 40.65 63.60 WARN --no-examples --no-tests --no-vignettes
r-devel-linux-x86_64-fedora-clang 1.15.3 106.88 OK
r-devel-linux-x86_64-fedora-gcc 1.15.3 108.37 WARN
r-devel-windows-ix86+x86_64 1.15.3 97.00 139.00 236.00 OK
r-patched-linux-x86_64 1.15.3 25.65 48.82 74.47 WARN --no-examples --no-tests --no-vignettes
r-patched-solaris-x86 1.15.3 201.10 OK
r-release-linux-x86_64 1.15.3 25.60 48.66 74.26 WARN --no-examples --no-tests --no-vignettes
r-release-windows-ix86+x86_64 1.15.3 103.00 114.00 217.00 OK
r-release-osx-x86_64 1.15.3 OK
r-oldrel-windows-ix86+x86_64 1.15.3 57.00 151.00 208.00 OK
r-oldrel-osx-x86_64 1.15.3 OK

Additional issues

gcc8

Check Details

Version: 1.15.3
Flags: --no-examples --no-tests --no-vignettes
Check: whether package can be installed
Result: WARN
    Found the following significant warnings:
     catnet_rexport.cpp:202:17: warning: ‘, ’ directive writing 2 bytes into a region of size between 1 and 1024 [-Wformat-overflow=]
     catnet_rexport.cpp:206:15: warning: ‘sprintf’ may write a terminating nul past the end of the destination [-Wformat-overflow=]
     catnet_rexport.cpp:213:16: warning: ‘%d’ directive writing between 1 and 10 bytes into a region of size between 0 and 1023 [-Wformat-overflow=]
     catnet_rexport.cpp:216:18: warning: ‘%d’ directive writing between 1 and 11 bytes into a region of size between 1 and 1024 [-Wformat-overflow=]
     catnet_rexport.cpp:217:17: warning: ‘sprintf’ may write a terminating nul past the end of the destination [-Wformat-overflow=]
     catnet_rexport.cpp:232:17: warning: ‘sprintf’ may write a terminating nul past the end of the destination [-Wformat-overflow=]
     catnet_rexport.cpp:231:18: warning: ‘, ’ directive writing 2 bytes into a region of size between 1 and 1024 [-Wformat-overflow=]
Flavors: r-devel-linux-x86_64-debian-gcc, r-patched-linux-x86_64, r-release-linux-x86_64

Version: 1.15.3
Check: whether package can be installed
Result: WARN
    Found the following significant warnings:
     catnet_rexport.cpp:202:17: warning: ‘, ’ directive writing 2 bytes into a region of size between 1 and 1024 [-Wformat-overflow=]
     catnet_rexport.cpp:206:15: warning: ‘sprintf’ may write a terminating nul past the end of the destination [-Wformat-overflow=]
     catnet_rexport.cpp:213:16: warning: ‘%d’ directive writing between 1 and 10 bytes into a region of size between 0 and 1023 [-Wformat-overflow=]
     catnet_rexport.cpp:216:18: warning: ‘%d’ directive writing between 1 and 11 bytes into a region of size between 1 and 1024 [-Wformat-overflow=]
     catnet_rexport.cpp:217:17: warning: ‘sprintf’ may write a terminating nul past the end of the destination [-Wformat-overflow=]
     catnet_rexport.cpp:232:17: warning: ‘sprintf’ may write a terminating nul past the end of the destination [-Wformat-overflow=]
     catnet_rexport.cpp:231:18: warning: ‘, ’ directive writing 2 bytes into a region of size between 1 and 1024 [-Wformat-overflow=]
Flavor: r-devel-linux-x86_64-fedora-gcc