Last updated on 2023-12-02 21:39:49 CET.
Flavor | Version | Tinstall | Tcheck | Ttotal | Status | Flags |
---|---|---|---|---|---|---|
r-devel-linux-x86_64-debian-clang | 0.2.3 | 50.16 | 168.59 | 218.75 | OK | |
r-devel-linux-x86_64-debian-gcc | 0.2.3 | 36.21 | 133.24 | 169.45 | OK | |
r-devel-linux-x86_64-fedora-clang | 0.2.3 | 297.64 | OK | |||
r-devel-linux-x86_64-fedora-gcc | 0.2.3 | 336.47 | OK | |||
r-devel-windows-x86_64 | 0.2.3 | 43.00 | 181.00 | 224.00 | OK | |
r-patched-linux-x86_64 | 0.2.3 | 37.00 | 180.00 | 217.00 | OK | |
r-release-linux-x86_64 | 0.2.3 | 42.09 | 153.76 | 195.85 | OK | |
r-release-macos-arm64 | 0.2.3 | 102.00 | NOTE | |||
r-release-macos-x86_64 | 0.2.3 | 161.00 | NOTE | |||
r-release-windows-x86_64 | 0.2.3 | 57.00 | 215.00 | 272.00 | OK | |
r-oldrel-macos-arm64 | 0.2.3 | 85.00 | NOTE | |||
r-oldrel-macos-x86_64 | 0.2.3 | 169.00 | NOTE | |||
r-oldrel-windows-x86_64 | 0.2.3 | 49.00 | 213.00 | 262.00 | OK |
Version: 0.2.3
Check: installed package size
Result: NOTE
installed size is 6.9Mb
sub-directories of 1Mb or more:
libs 6.7Mb
Flavors: r-release-macos-arm64, r-release-macos-x86_64, r-oldrel-macos-arm64, r-oldrel-macos-x86_64