Last updated on 2024-05-03 22:53:08 CEST.
Flavor | Version | Tinstall | Tcheck | Ttotal | Status | Flags |
---|---|---|---|---|---|---|
r-devel-linux-x86_64-debian-clang | 0.1.3 | 7.14 | 42.71 | 49.85 | OK | |
r-devel-linux-x86_64-fedora-clang | 0.1.3 | 62.74 | NOTE | |||
r-devel-linux-x86_64-fedora-gcc | 0.1.3 | 60.09 | NOTE | |||
r-devel-windows-x86_64 | 0.1.3 | 9.00 | 57.00 | 66.00 | OK | |
r-patched-linux-x86_64 | 0.1.3 | 7.25 | 41.02 | 48.27 | OK | |
r-release-linux-x86_64 | 0.1.3 | 6.58 | 42.09 | 48.67 | OK | |
r-release-macos-arm64 | 0.1.3 | 23.00 | OK | |||
r-release-windows-x86_64 | 0.1.3 | 8.00 | 57.00 | 65.00 | OK | |
r-oldrel-macos-arm64 | 0.1.3 | 24.00 | OK | |||
r-oldrel-macos-x86_64 | 0.1.3 | 37.00 | OK | |||
r-oldrel-windows-x86_64 | 0.1.3 | 11.00 | 60.00 | 71.00 | OK |
Version: 0.1.3
Check: data for non-ASCII characters
Result: NOTE
Note: found 32 marked UTF-8 strings
Flavors: r-devel-linux-x86_64-fedora-clang, r-devel-linux-x86_64-fedora-gcc