CRAN Package Check Results for Package ccrs

Last updated on 2023-09-26 23:04:08 CEST.

Flavor Version Tinstall Tcheck Ttotal Status Flags
r-devel-linux-x86_64-debian-clang 0.1.0 13.11 115.19 128.30 OK
r-devel-linux-x86_64-debian-gcc 0.1.0 11.66 84.87 96.53 OK
r-devel-linux-x86_64-fedora-clang 0.1.0 155.34 NOTE
r-devel-linux-x86_64-fedora-gcc 0.1.0 165.01 NOTE
r-devel-windows-x86_64 0.1.0 14.00 93.00 107.00 OK
r-patched-linux-x86_64 0.1.0 12.03 109.15 121.18 OK
r-release-linux-x86_64 0.1.0 14.57 110.87 125.44 OK
r-release-macos-arm64 0.1.0 43.00 OK
r-release-macos-x86_64 0.1.0 78.00 OK
r-release-windows-x86_64 0.1.0 16.00 117.00 133.00 OK
r-oldrel-macos-arm64 0.1.0 41.00 NOTE
r-oldrel-macos-x86_64 0.1.0 93.00 NOTE
r-oldrel-windows-x86_64 0.1.0 18.00 116.00 134.00 OK

Check Details

Version: 0.1.0
Check: dependencies in R code
Result: NOTE
    Namespace in Imports field not imported from: ‘methods’
     All declared Imports should be used.
Flavors: r-devel-linux-x86_64-fedora-clang, r-devel-linux-x86_64-fedora-gcc, r-oldrel-macos-arm64, r-oldrel-macos-x86_64