CRAN Package Check Results for Package cctools

Last updated on 2023-12-07 21:55:41 CET.

Flavor Version Tinstall Tcheck Ttotal Status Flags
r-devel-linux-x86_64-debian-clang 0.1.2 27.26 32.87 60.13 NOTE
r-devel-linux-x86_64-debian-gcc 0.1.2 20.52 25.54 46.06 NOTE
r-devel-linux-x86_64-fedora-clang 0.1.2 90.64 NOTE
r-devel-linux-x86_64-fedora-gcc 0.1.2 87.84 NOTE
r-devel-windows-x86_64 0.1.2 26.00 66.00 92.00 NOTE
r-patched-linux-x86_64 0.1.2 23.94 32.47 56.41 NOTE
r-release-linux-x86_64 0.1.2 27.67 31.79 59.46 NOTE
r-release-macos-arm64 0.1.2 50.00 NOTE
r-release-macos-x86_64 0.1.2 80.00 NOTE
r-release-windows-x86_64 0.1.2 33.00 73.00 106.00 NOTE
r-oldrel-macos-arm64 0.1.2 45.00 NOTE
r-oldrel-macos-x86_64 0.1.2 61.00 NOTE
r-oldrel-windows-x86_64 0.1.2 32.00 72.00 104.00 NOTE

Check Details

Version: 0.1.2
Check: LazyData
Result: NOTE 'LazyData' is specified without a 'data' directory Flavors: r-devel-linux-x86_64-debian-clang, r-devel-linux-x86_64-debian-gcc, r-devel-linux-x86_64-fedora-clang, r-devel-linux-x86_64-fedora-gcc, r-devel-windows-x86_64, r-patched-linux-x86_64, r-release-linux-x86_64, r-release-macos-arm64, r-release-macos-x86_64, r-release-windows-x86_64, r-oldrel-macos-arm64, r-oldrel-macos-x86_64, r-oldrel-windows-x86_64