CRAN Package Check Results for Package cda

Last updated on 2017-11-20 22:53:04 CET.

Flavor Version Tinstall Tcheck Ttotal Status Flags
r-devel-linux-x86_64-debian-clang 2.0.0 81.38 17.61 98.99 NOTE
r-devel-linux-x86_64-debian-gcc 2.0.0 107.19 49.84 157.03 NOTE
r-devel-linux-x86_64-fedora-clang 2.0.0 206.40 NOTE
r-devel-linux-x86_64-fedora-gcc 2.0.0 238.04 NOTE
r-devel-windows-ix86+x86_64 2.0.0 349.00 52.00 401.00 OK
r-patched-linux-x86_64 2.0.0 88.98 18.33 107.30 NOTE
r-patched-solaris-x86 2.0.0 178.90 OK
r-release-linux-x86_64 2.0.0 88.94 18.45 107.39 NOTE
r-release-windows-ix86+x86_64 2.0.0 247.00 55.00 302.00 OK
r-release-osx-x86_64 2.0.0 OK
r-oldrel-windows-ix86+x86_64 2.0.0 215.00 82.00 297.00 OK
r-oldrel-osx-x86_64 2.0.0 NOTE

Check Details

Version: 2.0.0
Check: compiled code
Result: NOTE
    File ‘cda/libs/cda.so’:
     Found no calls to: ‘R_registerRoutines’, ‘R_useDynamicSymbols’
    
    It is good practice to register native routines and to disable symbol
    search.
    
    See ‘Writing portable packages’ in the ‘Writing R Extensions’ manual.
Flavors: r-devel-linux-x86_64-debian-clang, r-devel-linux-x86_64-debian-gcc, r-devel-linux-x86_64-fedora-clang, r-devel-linux-x86_64-fedora-gcc, r-patched-linux-x86_64, r-release-linux-x86_64

Version: 2.0.0
Check: installed package size
Result: NOTE
     installed size is 5.2Mb
     sub-directories of 1Mb or more:
     libs 4.9Mb
Flavors: r-devel-linux-x86_64-fedora-clang, r-devel-linux-x86_64-fedora-gcc, r-oldrel-osx-x86_64