CRAN Package Check Results for Package cda

Last updated on 2018-02-20 22:47:52 CET.

Flavor Version Tinstall Tcheck Ttotal Status Flags
r-release-osx-x86_64 2.0.0 OK
r-oldrel-osx-x86_64 2.0.0 NOTE

Check Details

Version: 2.0.0
Check: installed package size
Result: NOTE
     installed size is 5.8Mb
     sub-directories of 1Mb or more:
     libs 5.5Mb
Flavor: r-oldrel-osx-x86_64