Last updated on 2024-04-22 23:09:46 CEST.
Flavor | Version | Tinstall | Tcheck | Ttotal | Status | Flags |
---|---|---|---|---|---|---|
r-devel-linux-x86_64-debian-clang | 2.0.3 | 45.99 | 84.07 | 130.06 | NOTE | |
r-devel-linux-x86_64-debian-gcc | 2.0.3 | 33.94 | 63.93 | 97.87 | NOTE | |
r-devel-linux-x86_64-fedora-clang | 2.0.3 | 187.40 | NOTE | |||
r-devel-linux-x86_64-fedora-gcc | 2.0.3 | 171.17 | NOTE | |||
r-prerel-macos-arm64 | 2.0.3 | 49.00 | NOTE | |||
r-prerel-windows-x86_64 | 2.0.3 | 35.00 | 102.00 | 137.00 | NOTE | |
r-patched-linux-x86_64 | 2.0.3 | 43.39 | 81.31 | 124.70 | NOTE | |
r-release-linux-x86_64 | 2.0.3 | 40.66 | 84.16 | 124.82 | NOTE | |
r-release-macos-arm64 | 2.0.3 | 57.00 | NOTE | |||
r-release-macos-x86_64 | 2.0.3 | 89.00 | NOTE | |||
r-release-windows-x86_64 | 2.0.3 | 46.00 | 119.00 | 165.00 | NOTE | |
r-oldrel-macos-arm64 | 2.0.3 | 60.00 | OK | |||
r-oldrel-windows-x86_64 | 2.0.3 | 42.00 | 114.00 | 156.00 | OK |
Version: 2.0.3
Check: C++ specification
Result: NOTE
Specified C++11: please drop specification unless essential
Flavors: r-devel-linux-x86_64-debian-clang, r-devel-linux-x86_64-debian-gcc, r-devel-linux-x86_64-fedora-clang, r-devel-linux-x86_64-fedora-gcc, r-prerel-macos-arm64, r-prerel-windows-x86_64, r-patched-linux-x86_64, r-release-linux-x86_64, r-release-macos-arm64, r-release-macos-x86_64, r-release-windows-x86_64