Last updated on 2023-12-09 21:54:11 CET.
Flavor | Version | Tinstall | Tcheck | Ttotal | Status | Flags |
---|---|---|---|---|---|---|
r-devel-linux-x86_64-debian-clang | 2.0.3 | 43.48 | 85.54 | 129.02 | NOTE | |
r-devel-linux-x86_64-debian-gcc | 2.0.3 | 28.64 | 65.80 | 94.44 | NOTE | |
r-devel-linux-x86_64-fedora-clang | 2.0.3 | 179.41 | NOTE | |||
r-devel-linux-x86_64-fedora-gcc | 2.0.3 | 167.35 | NOTE | |||
r-devel-windows-x86_64 | 2.0.3 | 36.00 | 101.00 | 137.00 | NOTE | |
r-patched-linux-x86_64 | 2.0.3 | 37.82 | 84.55 | 122.37 | NOTE | |
r-release-linux-x86_64 | 2.0.3 | 36.25 | 82.59 | 118.84 | NOTE | |
r-release-macos-arm64 | 2.0.3 | 57.00 | NOTE | |||
r-release-macos-x86_64 | 2.0.3 | 89.00 | NOTE | |||
r-release-windows-x86_64 | 2.0.3 | 45.00 | 120.00 | 165.00 | NOTE | |
r-oldrel-macos-arm64 | 2.0.3 | 60.00 | OK | |||
r-oldrel-macos-x86_64 | 2.0.3 | 63.00 | OK | |||
r-oldrel-windows-x86_64 | 2.0.3 | 41.00 | 110.00 | 151.00 | OK |
Version: 2.0.3
Check: C++ specification
Result: NOTE
Specified C++11: please drop specification unless essential
Flavors: r-devel-linux-x86_64-debian-clang, r-devel-linux-x86_64-debian-gcc, r-devel-linux-x86_64-fedora-clang, r-devel-linux-x86_64-fedora-gcc, r-devel-windows-x86_64, r-patched-linux-x86_64, r-release-linux-x86_64, r-release-macos-arm64, r-release-macos-x86_64, r-release-windows-x86_64