Last updated on 2024-03-28 23:01:40 CET.
Flavor | Version | Tinstall | Tcheck | Ttotal | Status | Flags |
---|---|---|---|---|---|---|
r-devel-linux-x86_64-debian-clang | 0.1.0 | 8.90 | 58.67 | 67.57 | NOTE | |
r-devel-linux-x86_64-debian-gcc | 0.1.0 | 6.64 | 43.93 | 50.57 | NOTE | |
r-devel-linux-x86_64-fedora-clang | 0.1.0 | 81.16 | NOTE | |||
r-devel-linux-x86_64-fedora-gcc | 0.1.0 | 79.47 | NOTE | |||
r-devel-windows-x86_64 | 0.1.0 | 9.00 | 68.00 | 77.00 | OK | |
r-patched-linux-x86_64 | 0.1.0 | 8.27 | 56.94 | 65.21 | NOTE | |
r-release-linux-x86_64 | 0.1.0 | 8.42 | 57.39 | 65.81 | NOTE | |
r-release-macos-arm64 | 0.1.0 | 28.00 | OK | |||
r-release-macos-x86_64 | 0.1.0 | 43.00 | OK | |||
r-release-windows-x86_64 | 0.1.0 | 9.00 | 77.00 | 86.00 | OK | |
r-oldrel-macos-arm64 | 0.1.0 | 28.00 | OK | |||
r-oldrel-windows-x86_64 | 0.1.0 | 11.00 | 76.00 | 87.00 | OK |
Version: 0.1.0
Check: for non-standard things in the check directory
Result: NOTE
Found the following files/directories:
‘figure01ceg.pdf’ ‘figure02ceg.pdf’ ‘staged.tree.graph.pdf’
‘stratified-event-tree-plot.pdf’
Flavors: r-devel-linux-x86_64-debian-clang, r-devel-linux-x86_64-debian-gcc, r-devel-linux-x86_64-fedora-clang, r-devel-linux-x86_64-fedora-gcc, r-patched-linux-x86_64, r-release-linux-x86_64