CRAN Package Check Results for Package cellWise

Last updated on 2019-12-09 22:51:05 CET.

Flavor Version Tinstall Tcheck Ttotal Status Flags
r-devel-linux-x86_64-debian-clang 2.1.0 94.53 258.79 353.32 OK
r-devel-linux-x86_64-debian-gcc 2.1.0 65.59 189.89 255.48 OK
r-devel-linux-x86_64-fedora-clang 2.1.0 461.41 NOTE
r-devel-linux-x86_64-fedora-gcc 2.1.0 416.26 OK
r-devel-windows-ix86+x86_64 2.1.0 161.00 294.00 455.00 NOTE
r-devel-windows-ix86+x86_64-gcc8 2.1.0 183.00 211.00 394.00 NOTE
r-patched-linux-x86_64 2.1.0 77.15 226.67 303.82 OK
r-patched-solaris-x86 2.1.0 393.00 NOTE
r-release-linux-x86_64 2.1.0 73.91 227.15 301.06 OK
r-release-windows-ix86+x86_64 2.1.0 157.00 190.00 347.00 NOTE
r-release-osx-x86_64 2.1.0 NOTE
r-oldrel-windows-ix86+x86_64 2.1.0 164.00 177.00 341.00 NOTE
r-oldrel-osx-x86_64 2.1.0 NOTE

Check Details

Version: 2.1.0
Check: installed package size
Result: NOTE
     installed size is 11.5Mb
     sub-directories of 1Mb or more:
     data 3.2Mb
     doc 1.7Mb
     libs 6.3Mb
Flavors: r-devel-linux-x86_64-fedora-clang, r-devel-windows-ix86+x86_64, r-devel-windows-ix86+x86_64-gcc8, r-patched-solaris-x86, r-release-windows-ix86+x86_64, r-release-osx-x86_64, r-oldrel-windows-ix86+x86_64, r-oldrel-osx-x86_64