CRAN Package Check Results for Package cellWise

Last updated on 2019-08-21 22:48:36 CEST.

Flavor Version Tinstall Tcheck Ttotal Status Flags
r-devel-linux-x86_64-debian-clang 2.1.0 84.03 231.10 315.13 OK
r-devel-linux-x86_64-debian-gcc 2.1.0 OK
r-devel-linux-x86_64-fedora-clang 2.1.0 373.13 NOTE
r-devel-linux-x86_64-fedora-gcc 2.1.0 352.80 OK
r-devel-windows-ix86+x86_64 2.1.0 232.00 277.00 509.00 NOTE
r-patched-linux-x86_64 2.1.0 73.34 223.21 296.55 OK
r-patched-solaris-x86 2.1.0 406.60 NOTE
r-release-linux-x86_64 2.1.0 72.28 223.47 295.75 OK
r-release-windows-ix86+x86_64 2.1.0 160.00 195.00 355.00 NOTE
r-release-osx-x86_64 2.1.0 NOTE
r-oldrel-windows-ix86+x86_64 2.1.0 215.00 262.00 477.00 NOTE
r-oldrel-osx-x86_64 2.1.0 NOTE

Check Details

Version: 2.1.0
Check: installed package size
Result: NOTE
     installed size is 11.4Mb
     sub-directories of 1Mb or more:
     data 3.2Mb
     doc 1.7Mb
     libs 6.3Mb
Flavors: r-devel-linux-x86_64-fedora-clang, r-devel-windows-ix86+x86_64, r-patched-solaris-x86, r-release-windows-ix86+x86_64, r-release-osx-x86_64, r-oldrel-windows-ix86+x86_64, r-oldrel-osx-x86_64