CRAN Package Check Results for Package cellranger

Last updated on 2024-05-29 22:56:44 CEST.

Flavor Version Tinstall Tcheck Ttotal Status Flags
r-devel-linux-x86_64-debian-clang 1.1.0 3.33 35.75 39.08 NOTE
r-devel-linux-x86_64-debian-gcc 1.1.0 2.27 27.14 29.41 NOTE
r-devel-linux-x86_64-fedora-clang 1.1.0 49.74 NOTE
r-devel-linux-x86_64-fedora-gcc 1.1.0 59.80 NOTE
r-devel-windows-x86_64 1.1.0 4.00 51.00 55.00 NOTE
r-patched-linux-x86_64 1.1.0 2.80 35.00 37.80 NOTE
r-release-linux-x86_64 1.1.0 3.04 35.32 38.36 NOTE
r-release-macos-arm64 1.1.0 25.00 NOTE
r-release-windows-x86_64 1.1.0 4.00 51.00 55.00 NOTE
r-oldrel-macos-arm64 1.1.0 26.00 NOTE
r-oldrel-macos-x86_64 1.1.0 36.00 NOTE
r-oldrel-windows-x86_64 1.1.0 5.00 55.00 60.00 NOTE

Check Details

Version: 1.1.0
Check: LazyData
Result: NOTE 'LazyData' is specified without a 'data' directory Flavors: r-devel-linux-x86_64-debian-clang, r-devel-linux-x86_64-debian-gcc, r-devel-linux-x86_64-fedora-clang, r-devel-linux-x86_64-fedora-gcc, r-devel-windows-x86_64, r-patched-linux-x86_64, r-release-linux-x86_64, r-release-macos-arm64, r-release-windows-x86_64, r-oldrel-macos-arm64, r-oldrel-macos-x86_64, r-oldrel-windows-x86_64