Last updated on 2023-09-26 23:04:08 CEST.
Flavor | Version | Tinstall | Tcheck | Ttotal | Status | Flags |
---|---|---|---|---|---|---|
r-devel-linux-x86_64-debian-clang | 2.0.0 | 71.33 | 94.25 | 165.58 | OK | |
r-devel-linux-x86_64-debian-gcc | 2.0.0 | 47.07 | 74.36 | 121.43 | OK | |
r-devel-linux-x86_64-fedora-clang | 2.0.0 | 212.58 | OK | |||
r-devel-linux-x86_64-fedora-gcc | 2.0.0 | 211.75 | OK | |||
r-devel-windows-x86_64 | 2.0.0 | 47.00 | 109.00 | 156.00 | OK | |
r-patched-linux-x86_64 | 2.0.0 | 59.62 | 94.99 | 154.61 | OK | |
r-release-linux-x86_64 | 2.0.0 | 65.57 | 94.39 | 159.96 | OK | |
r-release-macos-arm64 | 2.0.0 | 58.00 | NOTE | |||
r-release-macos-x86_64 | 2.0.0 | 95.00 | NOTE | |||
r-release-windows-x86_64 | 2.0.0 | 65.00 | 129.00 | 194.00 | OK | |
r-oldrel-macos-arm64 | 2.0.0 | 59.00 | NOTE | |||
r-oldrel-macos-x86_64 | 2.0.0 | 77.00 | NOTE | |||
r-oldrel-windows-x86_64 | 2.0.0 | 59.00 | 124.00 | 183.00 | OK |
Version: 2.0.0
Check: installed package size
Result: NOTE
installed size is 11.3Mb
sub-directories of 1Mb or more:
libs 11.1Mb
Flavors: r-release-macos-arm64, r-release-macos-x86_64, r-oldrel-macos-arm64, r-oldrel-macos-x86_64