Last updated on 2023-12-06 23:11:54 CET.
Flavor | Version | Tinstall | Tcheck | Ttotal | Status | Flags |
---|---|---|---|---|---|---|
r-devel-linux-x86_64-debian-clang | 1.2.1 | 22.41 | 26.81 | 49.22 | NOTE | |
r-devel-linux-x86_64-debian-gcc | 1.2.1 | 14.12 | 21.46 | 35.58 | NOTE | |
r-devel-linux-x86_64-fedora-clang | 1.2.1 | 67.74 | NOTE | |||
r-devel-linux-x86_64-fedora-gcc | 1.2.1 | 64.23 | NOTE | |||
r-devel-windows-x86_64 | 1.2.1 | 17.00 | 60.00 | 77.00 | NOTE | |
r-patched-linux-x86_64 | 1.2.1 | 17.62 | 26.82 | 44.44 | NOTE | |
r-release-linux-x86_64 | 1.2.1 | 15.83 | 25.17 | 41.00 | NOTE | |
r-release-macos-arm64 | 1.2.1 | 23.00 | NOTE | |||
r-release-macos-x86_64 | 1.2.1 | 32.00 | NOTE | |||
r-release-windows-x86_64 | 1.2.1 | 18.00 | 67.00 | 85.00 | NOTE | |
r-oldrel-macos-arm64 | 1.2.1 | 20.00 | NOTE | |||
r-oldrel-macos-x86_64 | 1.2.1 | 29.00 | NOTE | |||
r-oldrel-windows-x86_64 | 1.2.1 | 20.00 | 70.00 | 90.00 | NOTE |
Version: 1.2.1
Check: DESCRIPTION meta-information
Result: NOTE
Malformed Title field: should not end in a period.
Flavors: r-devel-linux-x86_64-debian-clang, r-devel-linux-x86_64-debian-gcc, r-devel-linux-x86_64-fedora-clang, r-devel-linux-x86_64-fedora-gcc, r-devel-windows-x86_64, r-patched-linux-x86_64, r-release-linux-x86_64, r-release-macos-arm64, r-release-macos-x86_64, r-release-windows-x86_64, r-oldrel-macos-arm64, r-oldrel-macos-x86_64, r-oldrel-windows-x86_64
Version: 1.2.1
Check: compiled code
Result: NOTE
File ‘cgAUC/libs/cgAUC.so’:
Found no calls to: ‘R_registerRoutines’, ‘R_useDynamicSymbols’
It is good practice to register native routines and to disable symbol
search.
See ‘Writing portable packages’ in the ‘Writing R Extensions’ manual.
Flavors: r-devel-linux-x86_64-fedora-clang, r-devel-linux-x86_64-fedora-gcc