CRAN Package Check Results for Package charlatan

Last updated on 2020-01-18 22:48:28 CET.

Flavor Version Tinstall Tcheck Ttotal Status Flags
r-devel-linux-x86_64-debian-clang 0.3.0 22.77 80.72 103.49 OK
r-devel-linux-x86_64-debian-gcc 0.3.0 18.99 60.91 79.90 OK
r-devel-linux-x86_64-fedora-clang 0.3.0 130.15 OK
r-devel-linux-x86_64-fedora-gcc 0.3.0 125.54 OK
r-devel-windows-ix86+x86_64 0.3.0 47.00 120.00 167.00 OK
r-devel-windows-ix86+x86_64-gcc8 0.3.0 36.00 152.00 188.00 OK
r-patched-linux-x86_64 0.3.0 17.90 71.26 89.16 OK
r-patched-solaris-x86 0.3.0 140.30 NOTE
r-release-linux-x86_64 0.3.0 20.34 71.59 91.93 OK
r-release-windows-ix86+x86_64 0.3.0 39.00 111.00 150.00 OK
r-release-osx-x86_64 0.3.0 OK
r-oldrel-windows-ix86+x86_64 0.3.0 35.00 107.00 142.00 OK
r-oldrel-osx-x86_64 0.3.0 OK

Check Details

Version: 0.3.0
Check: package dependencies
Result: NOTE
    Package suggested but not available for checking: ‘iptools’
Flavor: r-patched-solaris-x86