Last updated on 2024-03-28 23:01:40 CET.
Flavor | Version | Tinstall | Tcheck | Ttotal | Status | Flags |
---|---|---|---|---|---|---|
r-devel-linux-x86_64-debian-clang | 0.2.3 | 3.66 | 39.26 | 42.92 | NOTE | |
r-devel-linux-x86_64-debian-gcc | 0.2.3 | 3.49 | 29.82 | 33.31 | NOTE | |
r-devel-linux-x86_64-fedora-clang | 0.2.3 | 53.01 | NOTE | |||
r-devel-linux-x86_64-fedora-gcc | 0.2.3 | 51.94 | NOTE | |||
r-devel-windows-x86_64 | 0.2.3 | 5.00 | 51.00 | 56.00 | NOTE | |
r-patched-linux-x86_64 | 0.2.3 | 3.98 | 38.01 | 41.99 | NOTE | |
r-release-linux-x86_64 | 0.2.3 | 4.76 | 37.03 | 41.79 | OK | |
r-release-macos-arm64 | 0.2.3 | 21.00 | OK | |||
r-release-macos-x86_64 | 0.2.3 | 43.00 | OK | |||
r-release-windows-x86_64 | 0.2.3 | 6.00 | 55.00 | 61.00 | OK | |
r-oldrel-macos-arm64 | 0.2.3 | 22.00 | OK | |||
r-oldrel-windows-x86_64 | 0.2.3 | 7.00 | 62.00 | 69.00 | OK |
Version: 0.2.3
Check: Rd files
Result: NOTE
checkRd: (-1) create_unit_tests.Rd:17: Lost braces; missing escapes or markup?
17 | Create `{testthat}` test cases for the code.
| ^
Flavors: r-devel-linux-x86_64-debian-clang, r-devel-linux-x86_64-debian-gcc, r-devel-linux-x86_64-fedora-clang, r-devel-linux-x86_64-fedora-gcc, r-devel-windows-x86_64, r-patched-linux-x86_64