Last updated on 2021-04-16 22:50:52 CEST.
Flavor | Version | Tinstall | Tcheck | Ttotal | Status | Flags |
---|---|---|---|---|---|---|
r-devel-linux-x86_64-debian-clang | 0.5.0 | 4.20 | 40.95 | 45.15 | NOTE | |
r-devel-linux-x86_64-debian-gcc | 0.5.0 | 3.17 | 31.71 | 34.88 | NOTE | |
r-devel-linux-x86_64-fedora-clang | 0.5.0 | 61.86 | NOTE | |||
r-devel-linux-x86_64-fedora-gcc | 0.5.0 | 53.44 | NOTE | |||
r-devel-windows-ix86+x86_64 | 0.5.0 | 8.00 | 65.00 | 73.00 | NOTE | |
r-devel-windows-x86_64-gcc10-UCRT | 0.5.0 | NOTE | ||||
r-patched-linux-x86_64 | 0.5.0 | 3.82 | 39.39 | 43.21 | OK | |
r-patched-solaris-x86 | 0.5.0 | 75.20 | OK | |||
r-release-linux-x86_64 | 0.5.0 | 4.05 | 39.97 | 44.02 | OK | |
r-release-macos-x86_64 | 0.5.0 | OK | ||||
r-release-windows-ix86+x86_64 | 0.5.0 | 7.00 | 55.00 | 62.00 | OK | |
r-oldrel-macos-x86_64 | 0.5.0 | OK | ||||
r-oldrel-windows-ix86+x86_64 | 0.5.0 | 5.00 | 58.00 | 63.00 | OK |
Version: 0.5.0
Check: LazyData
Result: NOTE
'LazyData' is specified without a 'data' directory
Flavors: r-devel-linux-x86_64-debian-clang, r-devel-linux-x86_64-debian-gcc, r-devel-linux-x86_64-fedora-clang, r-devel-linux-x86_64-fedora-gcc, r-devel-windows-ix86+x86_64, r-devel-windows-x86_64-gcc10-UCRT