Last updated on 2024-04-24 23:00:16 CEST.
Flavor | Version | Tinstall | Tcheck | Ttotal | Status | Flags |
---|---|---|---|---|---|---|
r-devel-linux-x86_64-debian-clang | 0.1-638 | 16.59 | 170.15 | 186.74 | NOTE | |
r-devel-linux-x86_64-debian-gcc | 0.1-638 | 12.89 | 127.48 | 140.37 | NOTE | |
r-devel-linux-x86_64-fedora-clang | 0.1-638 | 248.89 | NOTE | |||
r-devel-linux-x86_64-fedora-gcc | 0.1-638 | 252.14 | NOTE | |||
r-devel-windows-x86_64 | 0.1-638 | 17.00 | 229.00 | 246.00 | NOTE | |
r-patched-linux-x86_64 | 0.1-638 | 18.43 | 161.79 | 180.22 | NOTE | |
r-release-linux-x86_64 | 0.1-638 | 16.00 | 161.60 | 177.60 | OK | |
r-release-macos-arm64 | 0.1-638 | 80.00 | OK | |||
r-release-windows-x86_64 | 0.1-638 | 16.00 | 228.00 | 244.00 | NOTE | |
r-oldrel-macos-arm64 | 0.1-638 | 73.00 | OK | |||
r-oldrel-macos-x86_64 | 0.1-638 | 141.00 | OK | |||
r-oldrel-windows-x86_64 | 0.1-638 | 15.00 | 236.00 | 251.00 | OK |
Version: 0.1-638
Check: Rd files
Result: NOTE
checkRd: (-1) LoadCollection.Rd:7: Lost braces
7 | for loading and saving code{CommunityCollection} objects to text files.
| ^
checkRd: (-1) ShortestPaths.Rd:25: Lost braces
25 | \references{Williams, R.J. and Berlow, E.L. and Dunne, J.A. and Barab{\'a}si,
| ^
checkRd: (-1) YthanEstuary.Rd:19: Lost braces
19 | Read G., St\"{o}hr S., Walter T.C., Costello M.J. Editors. (2012) World
| ^
Flavors: r-devel-linux-x86_64-debian-clang, r-devel-linux-x86_64-debian-gcc, r-devel-linux-x86_64-fedora-clang, r-devel-linux-x86_64-fedora-gcc, r-devel-windows-x86_64, r-patched-linux-x86_64, r-release-windows-x86_64