Last updated on 2023-12-06 23:11:54 CET.
Flavor | Version | Tinstall | Tcheck | Ttotal | Status | Flags |
---|---|---|---|---|---|---|
r-devel-linux-x86_64-debian-clang | 0.2.3 | 2.48 | 39.09 | 41.57 | OK | |
r-devel-linux-x86_64-debian-gcc | 0.2.3 | 2.27 | 30.62 | 32.89 | OK | |
r-devel-linux-x86_64-fedora-clang | 0.2.3 | 52.46 | NOTE | |||
r-devel-linux-x86_64-fedora-gcc | 0.2.3 | 61.31 | NOTE | |||
r-devel-windows-x86_64 | 0.2.3 | 3.00 | 90.00 | 93.00 | OK | |
r-patched-linux-x86_64 | 0.2.3 | 1.75 | 38.23 | 39.98 | OK | |
r-release-linux-x86_64 | 0.2.3 | 1.85 | 37.96 | 39.81 | OK | |
r-release-macos-arm64 | 0.2.3 | 71.00 | OK | |||
r-release-macos-x86_64 | 0.2.3 | 65.00 | OK | |||
r-release-windows-x86_64 | 0.2.3 | 4.00 | 93.00 | 97.00 | OK | |
r-oldrel-macos-arm64 | 0.2.3 | 52.00 | NOTE | |||
r-oldrel-macos-x86_64 | 0.2.3 | 64.00 | NOTE | |||
r-oldrel-windows-x86_64 | 0.2.3 | 4.00 | 94.00 | 98.00 | OK |
Version: 0.2.3
Check: dependencies in R code
Result: NOTE
Namespace in Imports field not imported from: ‘dbplyr’
All declared Imports should be used.
Flavors: r-devel-linux-x86_64-fedora-clang, r-devel-linux-x86_64-fedora-gcc, r-oldrel-macos-arm64, r-oldrel-macos-x86_64