Last updated on 2024-03-28 23:01:40 CET.
Flavor | Version | Tinstall | Tcheck | Ttotal | Status | Flags |
---|---|---|---|---|---|---|
r-devel-linux-x86_64-debian-clang | 0.8.0 | 7.07 | 56.53 | 63.60 | OK | |
r-devel-linux-x86_64-debian-gcc | 0.8.0 | 6.35 | 43.32 | 49.67 | OK | |
r-devel-linux-x86_64-fedora-clang | 0.8.0 | 90.57 | NOTE | |||
r-devel-linux-x86_64-fedora-gcc | 0.8.0 | 86.66 | NOTE | |||
r-devel-windows-x86_64 | 0.8.0 | 8.00 | 70.00 | 78.00 | OK | |
r-patched-linux-x86_64 | 0.8.0 | 7.32 | 54.33 | 61.65 | OK | |
r-release-linux-x86_64 | 0.8.0 | 8.51 | 56.46 | 64.97 | OK | |
r-release-macos-arm64 | 0.8.0 | 28.00 | OK | |||
r-release-macos-x86_64 | 0.8.0 | 41.00 | OK | |||
r-release-windows-x86_64 | 0.8.0 | 11.00 | 77.00 | 88.00 | OK | |
r-oldrel-macos-arm64 | 0.8.0 | 25.00 | NOTE | |||
r-oldrel-windows-x86_64 | 0.8.0 | 13.00 | 75.00 | 88.00 | OK |
Version: 0.8.0
Check: dependencies in R code
Result: NOTE
Namespace in Imports field not imported from: ‘gamlss.dist’
All declared Imports should be used.
Flavors: r-devel-linux-x86_64-fedora-clang, r-devel-linux-x86_64-fedora-gcc, r-oldrel-macos-arm64
Version: 0.8.0
Check: data for non-ASCII characters
Result: NOTE
Note: found 32 marked UTF-8 strings
Flavors: r-devel-linux-x86_64-fedora-clang, r-devel-linux-x86_64-fedora-gcc, r-oldrel-macos-arm64