CRAN Package Check Results for Package chk

Last updated on 2021-04-12 22:50:57 CEST.

Flavor Version Tinstall Tcheck Ttotal Status Flags
r-devel-linux-x86_64-debian-clang 0.5.1 4.81 56.69 61.50 NOTE
r-devel-linux-x86_64-debian-gcc 0.5.1 3.83 43.19 47.02 NOTE
r-devel-linux-x86_64-fedora-clang 0.5.1 81.14 NOTE
r-devel-linux-x86_64-fedora-gcc 0.5.1 72.60 NOTE
r-devel-windows-ix86+x86_64 0.5.1 9.00 81.00 90.00 NOTE
r-devel-windows-x86_64-gcc10-UCRT 0.5.1 NOTE
r-patched-linux-x86_64 0.5.1 4.92 54.43 59.35 OK
r-patched-solaris-x86 0.5.1 99.30 OK
r-release-linux-x86_64 0.5.1 3.76 54.79 58.55 OK
r-release-macos-x86_64 0.5.1 OK
r-release-windows-ix86+x86_64 0.5.1 8.00 81.00 89.00 OK
r-oldrel-macos-x86_64 0.5.1 OK
r-oldrel-windows-ix86+x86_64 0.5.1 8.00 60.00 68.00 OK

Check Details

Version: 0.5.1
Check: LazyData
Result: NOTE
     'LazyData' is specified without a 'data' directory
Flavors: r-devel-linux-x86_64-debian-clang, r-devel-linux-x86_64-debian-gcc, r-devel-linux-x86_64-fedora-clang, r-devel-linux-x86_64-fedora-gcc, r-devel-windows-ix86+x86_64, r-devel-windows-x86_64-gcc10-UCRT