CRAN Package Check Results for Package chorrrds

Last updated on 2019-12-09 22:51:05 CET.

Flavor Version Tinstall Tcheck Ttotal Status Flags
r-devel-linux-x86_64-debian-clang 0.1.9.2 7.56 39.66 47.22 OK
r-devel-linux-x86_64-debian-gcc 0.1.9.2 5.88 32.70 38.58 OK
r-devel-linux-x86_64-fedora-clang 0.1.9.2 59.42 NOTE
r-devel-linux-x86_64-fedora-gcc 0.1.9.2 58.57 NOTE
r-devel-windows-ix86+x86_64 0.1.9.2 11.00 71.00 82.00 OK
r-devel-windows-ix86+x86_64-gcc8 0.1.9.2 13.00 48.00 61.00 OK
r-patched-linux-x86_64 0.1.9.2 5.53 37.06 42.59 OK
r-patched-solaris-x86 0.1.9.2 97.20 NOTE
r-release-linux-x86_64 0.1.9.2 7.03 37.14 44.17 OK
r-release-windows-ix86+x86_64 0.1.9.2 13.00 48.00 61.00 OK
r-release-osx-x86_64 0.1.9.2 NOTE
r-oldrel-windows-ix86+x86_64 0.1.9.2 7.00 46.00 53.00 OK
r-oldrel-osx-x86_64 0.1.9.2 NOTE

Check Details

Version: 0.1.9.2
Check: data for non-ASCII characters
Result: NOTE
     Note: found 4004 marked UTF-8 strings
Flavors: r-devel-linux-x86_64-fedora-clang, r-devel-linux-x86_64-fedora-gcc, r-patched-solaris-x86, r-release-osx-x86_64, r-oldrel-osx-x86_64