Last updated on 2024-03-28 23:01:40 CET.
Flavor | Version | Tinstall | Tcheck | Ttotal | Status | Flags |
---|---|---|---|---|---|---|
r-devel-linux-x86_64-debian-clang | 0.2.1 | 11.60 | 99.39 | 110.99 | NOTE | |
r-devel-linux-x86_64-debian-gcc | 0.2.1 | 8.62 | 76.40 | 85.02 | NOTE | |
r-devel-linux-x86_64-fedora-clang | 0.2.1 | 150.47 | NOTE | |||
r-devel-linux-x86_64-fedora-gcc | 0.2.1 | 138.58 | NOTE | |||
r-devel-windows-x86_64 | 0.2.1 | 10.00 | 121.00 | 131.00 | NOTE | |
r-patched-linux-x86_64 | 0.2.1 | 9.74 | 98.82 | 108.56 | NOTE | |
r-release-linux-x86_64 | 0.2.1 | 10.20 | 99.61 | 109.81 | NOTE | |
r-release-macos-arm64 | 0.2.1 | 43.00 | NOTE | |||
r-release-macos-x86_64 | 0.2.1 | 62.00 | NOTE | |||
r-release-windows-x86_64 | 0.2.1 | 14.00 | 124.00 | 138.00 | NOTE | |
r-oldrel-macos-arm64 | 0.2.1 | 41.00 | NOTE | |||
r-oldrel-windows-x86_64 | 0.2.1 | 16.00 | 117.00 | 133.00 | NOTE |
Version: 0.2.1
Check: package dependencies
Result: NOTE
Package suggested but not available for checking: ‘entab’
Flavors: r-devel-linux-x86_64-debian-clang, r-devel-linux-x86_64-debian-gcc, r-devel-linux-x86_64-fedora-clang, r-devel-linux-x86_64-fedora-gcc, r-devel-windows-x86_64, r-patched-linux-x86_64, r-release-linux-x86_64, r-release-windows-x86_64, r-oldrel-macos-arm64, r-oldrel-windows-x86_64
Version: 0.2.1
Check: dependencies in R code
Result: NOTE
Namespace in Imports field not imported from: ‘readr’
All declared Imports should be used.
Flavors: r-devel-linux-x86_64-fedora-clang, r-devel-linux-x86_64-fedora-gcc, r-oldrel-macos-arm64
Version: 0.2.1
Check: package dependencies
Result: NOTE
Packages suggested but not available for checking: 'entab', 'mzR'
Flavors: r-release-macos-arm64, r-release-macos-x86_64