Last updated on 2024-04-17 22:59:47 CEST.
Flavor | Version | Tinstall | Tcheck | Ttotal | Status | Flags |
---|---|---|---|---|---|---|
r-devel-linux-x86_64-debian-clang | 4.1.1 | 4.62 | 50.24 | 54.86 | OK | |
r-devel-linux-x86_64-debian-gcc | 4.1.1 | 4.15 | 38.47 | 42.62 | OK | |
r-devel-linux-x86_64-fedora-clang | 4.1.1 | 77.45 | NOTE | |||
r-devel-linux-x86_64-fedora-gcc | 4.1.1 | 90.81 | NOTE | |||
r-prerel-macos-arm64 | 4.1.1 | 30.00 | OK | |||
r-prerel-windows-x86_64 | 4.1.1 | 6.00 | 62.00 | 68.00 | OK | |
r-patched-linux-x86_64 | 4.1.1 | 5.87 | 48.29 | 54.16 | OK | |
r-release-linux-x86_64 | 4.1.1 | 4.23 | 48.26 | 52.49 | OK | |
r-release-macos-arm64 | 4.1.1 | 32.00 | OK | |||
r-release-macos-x86_64 | 4.1.1 | 44.00 | OK | |||
r-release-windows-x86_64 | 4.1.1 | 7.00 | 66.00 | 73.00 | OK | |
r-oldrel-macos-arm64 | 4.1.1 | 23.00 | NOTE | |||
r-oldrel-windows-x86_64 | 4.1.1 | 8.00 | 69.00 | 77.00 | OK |
Version: 4.1.1
Check: dependencies in R code
Result: NOTE
Namespace in Imports field not imported from: ‘htmltools’
All declared Imports should be used.
Flavors: r-devel-linux-x86_64-fedora-clang, r-devel-linux-x86_64-fedora-gcc, r-oldrel-macos-arm64