CRAN Package Check Results for Package chunked

Last updated on 2021-04-13 22:53:38 CEST.

Flavor Version Tinstall Tcheck Ttotal Status Flags
r-devel-linux-x86_64-debian-clang 0.5.1 4.40 48.79 53.19 NOTE
r-devel-linux-x86_64-debian-gcc 0.5.1 3.26 37.08 40.34 NOTE
r-devel-linux-x86_64-fedora-clang 0.5.1 73.84 NOTE
r-devel-linux-x86_64-fedora-gcc 0.5.1 60.97 NOTE
r-devel-windows-ix86+x86_64 0.5.1 11.00 65.00 76.00 NOTE
r-devel-windows-x86_64-gcc10-UCRT 0.5.1 NOTE
r-patched-linux-x86_64 0.5.1 4.05 45.43 49.48 OK
r-patched-solaris-x86 0.5.1 91.80 OK
r-release-linux-x86_64 0.5.1 4.32 45.01 49.33 OK
r-release-macos-x86_64 0.5.1 OK
r-release-windows-ix86+x86_64 0.5.1 11.00 69.00 80.00 OK
r-oldrel-macos-x86_64 0.5.1 OK
r-oldrel-windows-ix86+x86_64 0.5.1 6.00 51.00 57.00 OK

Check Details

Version: 0.5.1
Check: LazyData
Result: NOTE
     'LazyData' is specified without a 'data' directory
Flavors: r-devel-linux-x86_64-debian-clang, r-devel-linux-x86_64-debian-gcc, r-devel-linux-x86_64-fedora-clang, r-devel-linux-x86_64-fedora-gcc, r-devel-windows-ix86+x86_64, r-devel-windows-x86_64-gcc10-UCRT