Last updated on 2023-10-01 23:03:41 CEST.
Flavor | Version | Tinstall | Tcheck | Ttotal | Status | Flags |
---|---|---|---|---|---|---|
r-devel-linux-x86_64-debian-clang | 0.6.1 | 14.55 | 323.49 | 338.04 | NOTE | |
r-devel-linux-x86_64-debian-gcc | 0.6.1 | 12.75 | 243.01 | 255.76 | NOTE | |
r-devel-linux-x86_64-fedora-clang | 0.6.1 | 409.08 | NOTE | |||
r-devel-linux-x86_64-fedora-gcc | 0.6.1 | 462.71 | NOTE | |||
r-devel-windows-x86_64 | 0.6.1 | 14.00 | 235.00 | 249.00 | NOTE | |
r-patched-linux-x86_64 | 0.6.1 | 12.11 | 308.87 | 320.98 | NOTE | |
r-release-linux-x86_64 | 0.6.1 | 12.81 | 311.15 | 323.96 | NOTE | |
r-release-macos-arm64 | 0.6.1 | 129.00 | NOTE | |||
r-release-macos-x86_64 | 0.6.1 | 213.00 | NOTE | |||
r-release-windows-x86_64 | 0.6.1 | 18.00 | 304.00 | 322.00 | NOTE | |
r-oldrel-macos-arm64 | 0.6.1 | 130.00 | NOTE | |||
r-oldrel-macos-x86_64 | 0.6.1 | 233.00 | NOTE | |||
r-oldrel-windows-x86_64 | 0.6.1 | 18.00 | 293.00 | 311.00 | NOTE |
Version: 0.6.1
Check: LazyData
Result: NOTE
'LazyData' is specified without a 'data' directory
Flavors: r-devel-linux-x86_64-debian-clang, r-devel-linux-x86_64-debian-gcc, r-devel-linux-x86_64-fedora-clang, r-devel-linux-x86_64-fedora-gcc, r-devel-windows-x86_64, r-patched-linux-x86_64, r-release-linux-x86_64, r-release-macos-arm64, r-release-macos-x86_64, r-release-windows-x86_64, r-oldrel-macos-arm64, r-oldrel-macos-x86_64, r-oldrel-windows-x86_64