Last updated on 2024-03-27 22:57:41 CET.
Flavor | Version | Tinstall | Tcheck | Ttotal | Status | Flags |
---|---|---|---|---|---|---|
r-devel-linux-x86_64-debian-clang | 0.14.0 | 21.51 | 142.07 | 163.58 | OK | |
r-devel-linux-x86_64-debian-gcc | 0.14.0 | 18.13 | 100.71 | 118.84 | OK | |
r-devel-linux-x86_64-fedora-clang | 0.14.0 | 196.32 | NOTE | |||
r-devel-linux-x86_64-fedora-gcc | 0.14.0 | 195.38 | OK | |||
r-devel-windows-x86_64 | 0.14.0 | 21.00 | 129.00 | 150.00 | NOTE | |
r-patched-linux-x86_64 | 0.14.0 | 25.12 | 132.77 | 157.89 | OK | |
r-release-linux-x86_64 | 0.14.0 | 23.79 | 134.15 | 157.94 | OK | |
r-release-macos-arm64 | 0.14.0 | 53.00 | NOTE | |||
r-release-macos-x86_64 | 0.14.0 | 110.00 | NOTE | |||
r-release-windows-x86_64 | 0.14.0 | 27.00 | 151.00 | 178.00 | NOTE | |
r-oldrel-macos-arm64 | 0.14.0 | 53.00 | NOTE | |||
r-oldrel-windows-x86_64 | 0.14.0 | 29.00 | 115.00 | 144.00 | NOTE |
Version: 0.14.0
Check: installed package size
Result: NOTE
installed size is 6.7Mb
sub-directories of 1Mb or more:
R 1.7Mb
extdata 4.3Mb
Flavors: r-devel-linux-x86_64-fedora-clang, r-devel-windows-x86_64, r-release-macos-arm64, r-release-macos-x86_64, r-release-windows-x86_64, r-oldrel-macos-arm64, r-oldrel-windows-x86_64