CRAN Package Check Results for Package ciftiTools

Last updated on 2021-04-10 22:52:19 CEST.

Flavor Version Tinstall Tcheck Ttotal Status Flags
r-devel-linux-x86_64-debian-clang 0.2.2 12.64 81.91 94.55 NOTE
r-devel-linux-x86_64-debian-gcc 0.2.2 9.19 60.88 70.07 NOTE
r-devel-linux-x86_64-fedora-clang 0.2.2 121.44 NOTE
r-devel-linux-x86_64-fedora-gcc 0.2.2 115.98 NOTE
r-devel-windows-ix86+x86_64 0.2.2 16.00 72.00 88.00 NOTE
r-devel-windows-x86_64-gcc10-UCRT 0.2.2 NOTE
r-patched-linux-x86_64 0.2.2 13.23 75.28 88.51 OK
r-patched-solaris-x86 0.2.2 145.70 NOTE
r-release-linux-x86_64 0.2.2 11.67 74.37 86.04 OK
r-release-macos-x86_64 0.2.2 OK
r-release-windows-ix86+x86_64 0.2.2 25.00 104.00 129.00 OK
r-oldrel-macos-x86_64 0.2.2 OK
r-oldrel-windows-ix86+x86_64 0.2.2 22.00 97.00 119.00 OK

Check Details

Version: 0.2.2
Check: LazyData
Result: NOTE
     'LazyData' is specified without a 'data' directory
Flavors: r-devel-linux-x86_64-debian-clang, r-devel-linux-x86_64-debian-gcc, r-devel-linux-x86_64-fedora-clang, r-devel-linux-x86_64-fedora-gcc, r-devel-windows-ix86+x86_64, r-devel-windows-x86_64-gcc10-UCRT

Version: 0.2.2
Check: installed package size
Result: NOTE
     installed size is 5.0Mb
     sub-directories of 1Mb or more:
     extdata 4.3Mb
Flavors: r-devel-linux-x86_64-fedora-clang, r-patched-solaris-x86