CRAN Package Check Results for Package circlize

Last updated on 2019-09-14 22:48:21 CEST.

Flavor Version Tinstall Tcheck Ttotal Status Flags
r-devel-linux-x86_64-debian-clang 0.4.8 10.22 74.98 85.20 OK
r-devel-linux-x86_64-debian-gcc 0.4.8 9.96 58.30 68.26 OK
r-devel-linux-x86_64-fedora-clang 0.4.8 107.31 OK
r-devel-linux-x86_64-fedora-gcc 0.4.8 102.67 OK
r-devel-windows-ix86+x86_64 0.4.8 27.00 126.00 153.00 OK
r-patched-linux-x86_64 0.4.8 10.52 76.08 86.60 OK
r-patched-solaris-x86 0.4.8 128.50 OK
r-release-linux-x86_64 0.4.8 11.21 75.56 86.77 OK
r-release-windows-ix86+x86_64 0.4.8 16.00 93.00 109.00 OK
r-release-osx-x86_64 0.4.8 NOTE
r-oldrel-windows-ix86+x86_64 0.4.8 20.00 85.00 105.00 OK
r-oldrel-osx-x86_64 0.4.8 OK

Check Details

Version: 0.4.8
Check: package dependencies
Result: NOTE
    Package suggested but not available for checking: ‘ComplexHeatmap’
Flavor: r-release-osx-x86_64