CRAN Package Check Results for Package circlize

Last updated on 2019-06-23 22:48:40 CEST.

Flavor Version Tinstall Tcheck Ttotal Status Flags
r-devel-linux-x86_64-debian-clang 0.4.6 11.14 74.60 85.74 OK
r-devel-linux-x86_64-debian-gcc 0.4.6 7.94 57.85 65.79 OK
r-devel-linux-x86_64-fedora-clang 0.4.6 98.67 OK
r-devel-linux-x86_64-fedora-gcc 0.4.6 97.53 OK
r-devel-windows-ix86+x86_64 0.4.6 24.00 90.00 114.00 OK
r-patched-linux-x86_64 0.4.6 11.07 74.88 85.95 OK
r-patched-solaris-x86 0.4.6 139.50 OK
r-release-linux-x86_64 0.4.6 9.98 75.04 85.02 OK
r-release-windows-ix86+x86_64 0.4.6 16.00 181.00 197.00 OK
r-release-osx-x86_64 0.4.6 NOTE
r-oldrel-windows-ix86+x86_64 0.4.6 13.00 116.00 129.00 OK
r-oldrel-osx-x86_64 0.4.6 OK

Check Details

Version: 0.4.6
Check: package dependencies
Result: NOTE
    Package suggested but not available for checking: ‘ComplexHeatmap’
Flavor: r-release-osx-x86_64