Last updated on 2024-04-19 22:55:40 CEST.
Flavor | Version | Tinstall | Tcheck | Ttotal | Status | Flags |
---|---|---|---|---|---|---|
r-devel-linux-x86_64-debian-clang | 0.1.1 | 12.81 | 207.91 | 220.72 | OK | |
r-devel-linux-x86_64-debian-gcc | 0.1.1 | OK | ||||
r-devel-linux-x86_64-fedora-clang | 0.1.1 | 283.14 | NOTE | |||
r-devel-linux-x86_64-fedora-gcc | 0.1.1 | 294.28 | OK | |||
r-prerel-macos-arm64 | 0.1.1 | 172.00 | NOTE | |||
r-prerel-windows-x86_64 | 0.1.1 | 12.00 | 194.00 | 206.00 | NOTE | |
r-patched-linux-x86_64 | 0.1.1 | 11.47 | 186.49 | 197.96 | OK | |
r-release-linux-x86_64 | 0.1.1 | 11.66 | 185.15 | 196.81 | OK | |
r-release-macos-arm64 | 0.1.1 | 110.00 | NOTE | |||
r-release-macos-x86_64 | 0.1.1 | 200.00 | NOTE | |||
r-release-windows-x86_64 | 0.1.1 | 14.00 | 236.00 | 250.00 | NOTE | |
r-oldrel-macos-arm64 | 0.1.1 | 163.00 | NOTE | |||
r-oldrel-windows-x86_64 | 0.1.1 | 15.00 | 230.00 | 245.00 | NOTE |
Version: 0.1.1
Check: installed package size
Result: NOTE
installed size is 7.5Mb
sub-directories of 1Mb or more:
doc 7.3Mb
Flavors: r-devel-linux-x86_64-fedora-clang, r-prerel-macos-arm64, r-prerel-windows-x86_64, r-release-macos-arm64, r-release-macos-x86_64, r-release-windows-x86_64, r-oldrel-macos-arm64, r-oldrel-windows-x86_64