Last updated on 2023-10-01 23:03:41 CEST.
Flavor | Version | Tinstall | Tcheck | Ttotal | Status | Flags |
---|---|---|---|---|---|---|
r-devel-linux-x86_64-debian-clang | 0.0.4 | 14.43 | 108.92 | 123.35 | OK | |
r-devel-linux-x86_64-debian-gcc | 0.0.4 | 10.27 | 80.03 | 90.30 | OK | |
r-devel-linux-x86_64-fedora-clang | 0.0.4 | 147.62 | NOTE | |||
r-devel-linux-x86_64-fedora-gcc | 0.0.4 | 144.61 | NOTE | |||
r-devel-windows-x86_64 | 0.0.4 | 13.00 | 102.00 | 115.00 | OK | |
r-patched-linux-x86_64 | 0.0.4 | 11.24 | 102.09 | 113.33 | OK | |
r-release-linux-x86_64 | 0.0.4 | 10.74 | 102.22 | 112.96 | OK | |
r-release-macos-arm64 | 0.0.4 | 44.00 | OK | |||
r-release-macos-x86_64 | 0.0.4 | 69.00 | OK | |||
r-release-windows-x86_64 | 0.0.4 | 16.00 | 107.00 | 123.00 | OK | |
r-oldrel-macos-arm64 | 0.0.4 | 44.00 | NOTE | |||
r-oldrel-macos-x86_64 | 0.0.4 | 72.00 | NOTE | |||
r-oldrel-windows-x86_64 | 0.0.4 | 16.00 | 107.00 | 123.00 | OK |
Version: 0.0.4
Check: dependencies in R code
Result: NOTE
Namespace in Imports field not imported from: ‘networkD3’
All declared Imports should be used.
Flavors: r-devel-linux-x86_64-fedora-clang, r-devel-linux-x86_64-fedora-gcc, r-oldrel-macos-arm64, r-oldrel-macos-x86_64