CRAN Package Check Results for Package cjoint

Last updated on 2020-07-11 22:49:57 CEST.

Flavor Version Tinstall Tcheck Ttotal Status Flags
r-devel-linux-x86_64-debian-clang 2.1.0 15.51 133.43 148.94 OK
r-devel-linux-x86_64-debian-gcc 2.1.0 13.52 102.81 116.33 OK
r-devel-linux-x86_64-fedora-gcc 2.1.0 179.75 NOTE
r-devel-windows-ix86+x86_64 2.1.0 30.00 187.00 217.00 OK
r-patched-linux-x86_64 2.1.0 15.30 129.19 144.49 OK
r-patched-solaris-x86 2.1.0 304.20 NOTE
r-release-linux-x86_64 2.1.0 17.14 130.69 147.83 OK
r-release-macos-x86_64 2.1.0 NOTE
r-release-windows-ix86+x86_64 2.1.0 42.00 198.00 240.00 OK
r-oldrel-macos-x86_64 2.1.0 NOTE
r-oldrel-windows-ix86+x86_64 2.1.0 34.00 135.00 169.00 OK

Check Details

Version: 2.1.0
Check: dependencies in R code
Result: NOTE
    Namespace in Imports field not imported from: ‘shinyBS’
     All declared Imports should be used.
Flavors: r-devel-linux-x86_64-fedora-gcc, r-patched-solaris-x86, r-release-macos-x86_64, r-oldrel-macos-x86_64

Version: 2.1.0
Check: data for non-ASCII characters
Result: NOTE
     Note: found 29 marked UTF-8 strings
Flavors: r-devel-linux-x86_64-fedora-gcc, r-patched-solaris-x86, r-release-macos-x86_64, r-oldrel-macos-x86_64