CRAN Package Check Results for Package cjoint

Last updated on 2019-06-15 22:58:36 CEST.

Flavor Version Tinstall Tcheck Ttotal Status Flags
r-devel-linux-x86_64-debian-clang 2.1.0 12.57 118.06 130.63 OK
r-devel-linux-x86_64-debian-gcc 2.1.0 12.50 93.59 106.09 OK
r-devel-linux-x86_64-fedora-clang 2.1.0 154.00 NOTE
r-devel-linux-x86_64-fedora-gcc 2.1.0 147.93 NOTE
r-devel-windows-ix86+x86_64 2.1.0 38.00 188.00 226.00 OK
r-patched-linux-x86_64 2.1.0 11.80 114.68 126.48 OK
r-patched-solaris-x86 2.1.0 281.20 NOTE
r-release-linux-x86_64 2.1.0 12.34 115.50 127.84 OK
r-release-windows-ix86+x86_64 2.1.0 25.00 180.00 205.00 OK
r-release-osx-x86_64 2.1.0 NOTE
r-oldrel-windows-ix86+x86_64 2.1.0 16.00 190.00 206.00 OK
r-oldrel-osx-x86_64 2.1.0 NOTE

Check Details

Version: 2.1.0
Check: dependencies in R code
Result: NOTE
    Namespace in Imports field not imported from: ‘shinyBS’
     All declared Imports should be used.
Flavors: r-devel-linux-x86_64-fedora-clang, r-devel-linux-x86_64-fedora-gcc, r-patched-solaris-x86, r-release-osx-x86_64, r-oldrel-osx-x86_64

Version: 2.1.0
Check: data for non-ASCII characters
Result: NOTE
     Note: found 29 marked UTF-8 strings
Flavors: r-devel-linux-x86_64-fedora-clang, r-devel-linux-x86_64-fedora-gcc, r-patched-solaris-x86, r-release-osx-x86_64, r-oldrel-osx-x86_64