CRAN Package Check Results for Package cjoint

Last updated on 2019-08-17 22:46:23 CEST.

Flavor Version Tinstall Tcheck Ttotal Status Flags
r-devel-linux-x86_64-debian-clang 2.1.0 14.13 117.55 131.68 OK
r-devel-linux-x86_64-debian-gcc 2.1.0 11.33 90.37 101.70 OK
r-devel-linux-x86_64-fedora-clang 2.1.0 155.90 NOTE
r-devel-linux-x86_64-fedora-gcc 2.1.0 148.77 NOTE
r-devel-windows-ix86+x86_64 2.1.0 31.00 185.00 216.00 OK
r-patched-linux-x86_64 2.1.0 13.03 113.85 126.88 OK
r-patched-solaris-x86 2.1.0 282.30 NOTE
r-release-linux-x86_64 2.1.0 12.21 114.25 126.46 OK
r-release-windows-ix86+x86_64 2.1.0 32.00 171.00 203.00 OK
r-release-osx-x86_64 2.1.0 NOTE
r-oldrel-windows-ix86+x86_64 2.1.0 22.00 194.00 216.00 OK
r-oldrel-osx-x86_64 2.1.0 NOTE

Check Details

Version: 2.1.0
Check: dependencies in R code
Result: NOTE
    Namespace in Imports field not imported from: ‘shinyBS’
     All declared Imports should be used.
Flavors: r-devel-linux-x86_64-fedora-clang, r-devel-linux-x86_64-fedora-gcc, r-patched-solaris-x86, r-release-osx-x86_64, r-oldrel-osx-x86_64

Version: 2.1.0
Check: data for non-ASCII characters
Result: NOTE
     Note: found 29 marked UTF-8 strings
Flavors: r-devel-linux-x86_64-fedora-clang, r-devel-linux-x86_64-fedora-gcc, r-patched-solaris-x86, r-release-osx-x86_64, r-oldrel-osx-x86_64