Last updated on 2024-03-28 23:01:41 CET.
Flavor | Version | Tinstall | Tcheck | Ttotal | Status | Flags |
---|---|---|---|---|---|---|
r-devel-linux-x86_64-debian-clang | 1.2.4 | 37.83 | 29.94 | 67.77 | NOTE | |
r-devel-linux-x86_64-debian-gcc | 1.2.4 | 30.20 | 23.20 | 53.40 | NOTE | |
r-devel-linux-x86_64-fedora-clang | 1.2.4 | 113.64 | NOTE | |||
r-devel-linux-x86_64-fedora-gcc | 1.2.4 | 93.40 | NOTE | |||
r-devel-windows-x86_64 | 1.2.4 | 32.00 | 64.00 | 96.00 | NOTE | |
r-patched-linux-x86_64 | 1.2.4 | 36.85 | 29.13 | 65.98 | NOTE | |
r-release-linux-x86_64 | 1.2.4 | 37.92 | 28.47 | 66.39 | NOTE | |
r-release-macos-arm64 | 1.2.4 | 28.00 | NOTE | |||
r-release-macos-x86_64 | 1.2.4 | 45.00 | NOTE | |||
r-release-windows-x86_64 | 1.2.4 | 33.00 | 73.00 | 106.00 | NOTE | |
r-oldrel-macos-arm64 | 1.2.4 | 29.00 | OK | |||
r-oldrel-windows-x86_64 | 1.2.4 | 39.00 | 74.00 | 113.00 | OK |
Version: 1.2.4
Check: C++ specification
Result: NOTE
Specified C++11: please drop specification unless essential
Flavors: r-devel-linux-x86_64-debian-clang, r-devel-linux-x86_64-debian-gcc, r-devel-linux-x86_64-fedora-clang, r-devel-linux-x86_64-fedora-gcc, r-devel-windows-x86_64, r-patched-linux-x86_64, r-release-linux-x86_64, r-release-macos-arm64, r-release-macos-x86_64, r-release-windows-x86_64