CRAN Package Check Results for Package cld2

Last updated on 2023-10-01 23:03:41 CEST.

Flavor Version Tinstall Tcheck Ttotal Status Flags
r-devel-linux-x86_64-debian-clang 1.2.4 39.56 29.24 68.80 NOTE
r-devel-linux-x86_64-debian-gcc 1.2.4 27.42 23.08 50.50 NOTE
r-devel-linux-x86_64-fedora-clang 1.2.4 111.63 NOTE
r-devel-linux-x86_64-fedora-gcc 1.2.4 94.01 NOTE
r-devel-windows-x86_64 1.2.4 27.00 66.00 93.00 NOTE
r-patched-linux-x86_64 1.2.4 39.06 28.62 67.68 NOTE
r-release-linux-x86_64 1.2.4 38.22 29.21 67.43 NOTE
r-release-macos-arm64 1.2.4 28.00 NOTE
r-release-macos-x86_64 1.2.4 45.00 NOTE
r-release-windows-x86_64 1.2.4 31.00 72.00 103.00 NOTE
r-oldrel-macos-arm64 1.2.4 29.00 OK
r-oldrel-macos-x86_64 1.2.4 40.00 OK
r-oldrel-windows-x86_64 1.2.4 44.00 69.00 113.00 OK

Check Details

Version: 1.2.4
Check: C++ specification
Result: NOTE
     Specified C++11: please drop specification unless essential
Flavors: r-devel-linux-x86_64-debian-clang, r-devel-linux-x86_64-debian-gcc, r-devel-linux-x86_64-fedora-clang, r-devel-linux-x86_64-fedora-gcc, r-devel-windows-x86_64, r-patched-linux-x86_64, r-release-linux-x86_64, r-release-macos-arm64, r-release-macos-x86_64, r-release-windows-x86_64