CRAN Package Check Results for Package cleaner

Last updated on 2024-06-23 22:48:27 CEST.

Flavor Version Tinstall Tcheck Ttotal Status Flags
r-devel-linux-x86_64-debian-clang 1.5.4 6.59 56.03 62.62 NOTE
r-devel-linux-x86_64-debian-gcc 1.5.4 4.96 40.35 45.31 NOTE
r-devel-linux-x86_64-fedora-clang 1.5.4 76.80 NOTE
r-devel-linux-x86_64-fedora-gcc 1.5.4 77.13 NOTE
r-devel-windows-x86_64 1.5.4 6.00 65.00 71.00 NOTE
r-patched-linux-x86_64 1.5.4 7.19 51.25 58.44 NOTE
r-release-linux-x86_64 1.5.4 6.32 52.71 59.03 NOTE
r-release-macos-arm64 1.5.4 26.00 NOTE
r-release-macos-x86_64 1.5.4 37.00 NOTE
r-release-windows-x86_64 1.5.4 7.00 67.00 74.00 NOTE
r-oldrel-macos-arm64 1.5.4 31.00 OK
r-oldrel-macos-x86_64 1.5.4 33.00 OK
r-oldrel-windows-x86_64 1.5.4 8.00 73.00 81.00 OK

Check Details

Version: 1.5.4
Check: Rd files
Result: NOTE checkRd: (-1) clean.Rd:136: Lost braces in \itemize; meant \describe ? checkRd: (-1) clean.Rd:137: Lost braces in \itemize; meant \describe ? checkRd: (-1) clean.Rd:138: Lost braces in \itemize; meant \describe ? checkRd: (-1) clean.Rd:139: Lost braces in \itemize; meant \describe ? checkRd: (-1) clean.Rd:140: Lost braces in \itemize; meant \describe ? checkRd: (-1) clean.Rd:141: Lost braces in \itemize; meant \describe ? checkRd: (-1) clean.Rd:142: Lost braces in \itemize; meant \describe ? Flavors: r-devel-linux-x86_64-debian-clang, r-devel-linux-x86_64-debian-gcc, r-devel-linux-x86_64-fedora-clang, r-devel-linux-x86_64-fedora-gcc, r-devel-windows-x86_64, r-patched-linux-x86_64, r-release-linux-x86_64, r-release-macos-arm64, r-release-macos-x86_64, r-release-windows-x86_64