Last updated on 2023-09-26 23:04:09 CEST.
Flavor | Version | Tinstall | Tcheck | Ttotal | Status | Flags |
---|---|---|---|---|---|---|
r-devel-linux-x86_64-debian-clang | 3.6.1 | 23.18 | 187.65 | 210.83 | OK | |
r-devel-linux-x86_64-debian-gcc | 3.6.1 | 14.29 | 138.96 | 153.25 | OK | |
r-devel-linux-x86_64-fedora-clang | 3.6.1 | 253.39 | OK | |||
r-devel-linux-x86_64-fedora-gcc | 3.6.1 | 265.97 | OK | |||
r-devel-windows-x86_64 | 3.6.1 | 52.00 | 166.00 | 218.00 | WARN | |
r-patched-linux-x86_64 | 3.6.1 | 25.67 | 181.40 | 207.07 | OK | |
r-release-linux-x86_64 | 3.6.1 | 20.23 | 179.61 | 199.84 | OK | |
r-release-macos-arm64 | 3.6.1 | 63.00 | OK | |||
r-release-macos-x86_64 | 3.6.1 | 112.00 | OK | |||
r-release-windows-x86_64 | 3.6.1 | 54.00 | 208.00 | 262.00 | WARN | |
r-oldrel-macos-arm64 | 3.6.1 | 69.00 | OK | |||
r-oldrel-macos-x86_64 | 3.6.1 | 105.00 | OK | |||
r-oldrel-windows-x86_64 | 3.6.1 | 57.00 | 181.00 | 238.00 | OK |
Version: 3.6.1
Check: whether package can be installed
Result: WARN
Found the following significant warnings:
utils.c:15:6: warning: function declaration isn't a prototype [-Wstrict-prototypes]
See 'd:/Rcompile/CRANpkg/local/4.4/cli.Rcheck/00install.out' for details.
* used C compiler: 'gcc.exe (GCC) 12.2.0'
Flavor: r-devel-windows-x86_64
Version: 3.6.1
Check: whether package can be installed
Result: WARN
Found the following significant warnings:
utils.c:15:6: warning: function declaration isn't a prototype [-Wstrict-prototypes]
See 'd:/Rcompile/CRANpkg/local/4.3/cli.Rcheck/00install.out' for details.
* used C compiler: 'gcc.exe (GCC) 12.2.0'
Flavor: r-release-windows-x86_64