CRAN Package Check Results for Package cliapp

Last updated on 2021-04-16 22:50:52 CEST.

Flavor Version Tinstall Tcheck Ttotal Status Flags
r-devel-linux-x86_64-debian-clang 0.1.1 5.88 135.45 141.33 NOTE
r-devel-linux-x86_64-debian-gcc 0.1.1 3.73 126.22 129.95 NOTE
r-devel-linux-x86_64-fedora-clang 0.1.1 205.35 NOTE
r-devel-linux-x86_64-fedora-gcc 0.1.1 198.86 NOTE
r-devel-windows-ix86+x86_64 0.1.1 11.00 159.00 170.00 NOTE
r-devel-windows-x86_64-gcc10-UCRT 0.1.1 NOTE
r-patched-linux-x86_64 0.1.1 4.26 161.41 165.67 OK
r-patched-solaris-x86 0.1.1 259.70 OK
r-release-linux-x86_64 0.1.1 5.07 161.92 166.99 OK
r-release-macos-x86_64 0.1.1 OK
r-release-windows-ix86+x86_64 0.1.1 20.00 164.00 184.00 OK
r-oldrel-macos-x86_64 0.1.1 OK
r-oldrel-windows-ix86+x86_64 0.1.1 7.00 157.00 164.00 OK

Check Details

Version: 0.1.1
Check: LazyData
Result: NOTE
     'LazyData' is specified without a 'data' directory
Flavors: r-devel-linux-x86_64-debian-clang, r-devel-linux-x86_64-debian-gcc, r-devel-linux-x86_64-fedora-clang, r-devel-linux-x86_64-fedora-gcc, r-devel-windows-ix86+x86_64, r-devel-windows-x86_64-gcc10-UCRT