CRAN Package Check Results for Package cliapp

Last updated on 2023-04-01 22:53:36 CEST.

Flavor Version Tinstall Tcheck Ttotal Status Flags
r-devel-linux-x86_64-debian-clang 0.1.1 6.55 180.08 186.63 NOTE
r-devel-linux-x86_64-debian-gcc 0.1.1 5.05 135.69 140.74 NOTE
r-devel-linux-x86_64-fedora-clang 0.1.1 224.42 NOTE
r-devel-linux-x86_64-fedora-gcc 0.1.1 219.30 NOTE
r-devel-windows-x86_64 0.1.1 12.00 181.00 193.00 NOTE
r-patched-linux-x86_64 0.1.1 7.26 168.75 176.01 NOTE
r-release-linux-x86_64 0.1.1 6.41 174.42 180.83 NOTE
r-release-macos-arm64 0.1.1 48.00 NOTE
r-release-macos-x86_64 0.1.1 78.00 NOTE
r-release-windows-x86_64 0.1.1 33.00 186.00 219.00 NOTE
r-oldrel-macos-arm64 0.1.1 63.00 NOTE
r-oldrel-macos-x86_64 0.1.1 85.00 NOTE
r-oldrel-windows-ix86+x86_64 0.1.1 12.00 182.00 194.00 NOTE

Check Details

Version: 0.1.1
Check: LazyData
Result: NOTE
     'LazyData' is specified without a 'data' directory
Flavors: r-devel-linux-x86_64-debian-clang, r-devel-linux-x86_64-debian-gcc, r-devel-linux-x86_64-fedora-clang, r-devel-linux-x86_64-fedora-gcc, r-devel-windows-x86_64, r-patched-linux-x86_64, r-release-linux-x86_64, r-release-macos-arm64, r-release-macos-x86_64, r-release-windows-x86_64, r-oldrel-macos-arm64, r-oldrel-macos-x86_64, r-oldrel-windows-ix86+x86_64