Last updated on 2024-04-17 22:59:48 CEST.
Flavor | Version | Tinstall | Tcheck | Ttotal | Status | Flags |
---|---|---|---|---|---|---|
r-devel-linux-x86_64-debian-clang | 0.5 | 3.82 | 46.65 | 50.47 | OK | |
r-devel-linux-x86_64-debian-gcc | 0.5 | 4.92 | 34.30 | 39.22 | OK | |
r-devel-linux-x86_64-fedora-clang | 0.5 | 68.07 | NOTE | |||
r-devel-linux-x86_64-fedora-gcc | 0.5 | 82.92 | OK | |||
r-prerel-macos-arm64 | 0.5 | 30.00 | NOTE | |||
r-prerel-windows-x86_64 | 0.5 | 8.00 | 57.00 | 65.00 | NOTE | |
r-patched-linux-x86_64 | 0.5 | 6.33 | 42.98 | 49.31 | OK | |
r-release-linux-x86_64 | 0.5 | 3.56 | 43.12 | 46.68 | OK | |
r-release-macos-arm64 | 0.5 | 37.00 | NOTE | |||
r-release-macos-x86_64 | 0.5 | 42.00 | NOTE | |||
r-release-windows-x86_64 | 0.5 | 8.00 | 61.00 | 69.00 | NOTE | |
r-oldrel-macos-arm64 | 0.5 | 26.00 | NOTE | |||
r-oldrel-windows-x86_64 | 0.5 | 8.00 | 63.00 | 71.00 | NOTE |
Version: 0.5
Check: installed package size
Result: NOTE
installed size is 5.6Mb
sub-directories of 1Mb or more:
data 3.4Mb
doc 1.9Mb
Flavors: r-devel-linux-x86_64-fedora-clang, r-prerel-macos-arm64, r-prerel-windows-x86_64, r-release-macos-arm64, r-release-macos-x86_64, r-release-windows-x86_64, r-oldrel-macos-arm64, r-oldrel-windows-x86_64