Last updated on 2023-11-28 23:04:29 CET.
Flavor | Version | Tinstall | Tcheck | Ttotal | Status | Flags |
---|---|---|---|---|---|---|
r-devel-linux-x86_64-debian-clang | 0.7.0 | 191.38 | 252.78 | 444.16 | OK | |
r-devel-linux-x86_64-debian-gcc | 0.7.0 | 138.89 | 194.21 | 333.10 | OK | |
r-devel-linux-x86_64-fedora-clang | 0.7.0 | 565.94 | OK | |||
r-devel-linux-x86_64-fedora-gcc | 0.7.0 | 641.41 | OK | |||
r-devel-windows-x86_64 | 0.7.0 | 135.00 | 257.00 | 392.00 | OK | |
r-patched-linux-x86_64 | 0.7.0 | 163.58 | 248.59 | 412.17 | OK | |
r-release-linux-x86_64 | 0.7.0 | 162.08 | 244.42 | 406.50 | OK | |
r-release-macos-arm64 | 0.7.0 | 156.00 | NOTE | |||
r-release-macos-x86_64 | 0.7.0 | 320.00 | NOTE | |||
r-release-windows-x86_64 | 0.7.0 | 178.00 | 324.00 | 502.00 | OK | |
r-oldrel-macos-arm64 | 0.7.0 | 156.00 | NOTE | |||
r-oldrel-macos-x86_64 | 0.7.0 | 171.00 | NOTE | |||
r-oldrel-windows-x86_64 | 0.7.0 | 166.00 | 274.00 | 440.00 | OK |
Version: 0.7.0
Check: installed package size
Result: NOTE
installed size is 17.1Mb
sub-directories of 1Mb or more:
libs 15.2Mb
Flavors: r-release-macos-arm64, r-release-macos-x86_64, r-oldrel-macos-arm64, r-oldrel-macos-x86_64