Last updated on 2024-03-28 23:01:41 CET.
Flavor | Version | Tinstall | Tcheck | Ttotal | Status | Flags |
---|---|---|---|---|---|---|
r-devel-linux-x86_64-debian-clang | 1.5 | 33.53 | 30.88 | 64.41 | NOTE | |
r-devel-linux-x86_64-debian-gcc | 1.5 | 22.13 | 24.15 | 46.28 | NOTE | |
r-devel-linux-x86_64-fedora-clang | 1.5 | 88.83 | NOTE | |||
r-devel-linux-x86_64-fedora-gcc | 1.5 | 87.83 | NOTE | |||
r-devel-windows-x86_64 | 1.5 | 25.00 | 67.00 | 92.00 | NOTE | |
r-patched-linux-x86_64 | 1.5 | 30.72 | 30.58 | 61.30 | NOTE | |
r-release-linux-x86_64 | 1.5 | 31.60 | 30.31 | 61.91 | OK | |
r-release-macos-arm64 | 1.5 | 26.00 | OK | |||
r-release-macos-x86_64 | 1.5 | 41.00 | OK | |||
r-release-windows-x86_64 | 1.5 | 24.00 | 98.00 | 122.00 | OK | |
r-oldrel-macos-arm64 | 1.5 | 24.00 | OK | |||
r-oldrel-windows-x86_64 | 1.5 | 33.00 | 76.00 | 109.00 | OK |
Version: 1.5
Check: Rd files
Result: NOTE
checkRd: (-1) print.clogitL1.Rd:21: Lost braces in \itemize; meant \describe ?
checkRd: (-1) print.clogitL1.Rd:22: Lost braces in \itemize; meant \describe ?
checkRd: (-1) print.clogitL1.Rd:23: Lost braces in \itemize; meant \describe ?
Flavors: r-devel-linux-x86_64-debian-clang, r-devel-linux-x86_64-debian-gcc, r-devel-linux-x86_64-fedora-clang, r-devel-linux-x86_64-fedora-gcc, r-devel-windows-x86_64, r-patched-linux-x86_64
Version: 1.5
Check: compiled code
Result: NOTE
File ‘clogitL1/libs/clogitL1.so’:
Found no calls to: ‘R_registerRoutines’, ‘R_useDynamicSymbols’
It is good practice to register native routines and to disable symbol
search.
See ‘Writing portable packages’ in the ‘Writing R Extensions’ manual.
Flavors: r-devel-linux-x86_64-fedora-clang, r-devel-linux-x86_64-fedora-gcc