Last updated on 2023-12-06 23:11:55 CET.
Flavor | Version | Tinstall | Tcheck | Ttotal | Status | Flags |
---|---|---|---|---|---|---|
r-devel-linux-x86_64-debian-clang | 1.1 | 21.83 | 44.48 | 66.31 | OK | |
r-devel-linux-x86_64-debian-gcc | 1.1 | 13.29 | 33.13 | 46.42 | OK | |
r-devel-linux-x86_64-fedora-clang | 1.1 | 86.11 | NOTE | |||
r-devel-linux-x86_64-fedora-gcc | 1.1 | 82.51 | NOTE | |||
r-devel-windows-x86_64 | 1.1 | 17.00 | 85.00 | 102.00 | OK | |
r-patched-linux-x86_64 | 1.1 | 16.47 | 43.77 | 60.24 | OK | |
r-release-linux-x86_64 | 1.1 | 18.31 | 43.51 | 61.82 | OK | |
r-release-macos-arm64 | 1.1 | 26.00 | OK | |||
r-release-macos-x86_64 | 1.1 | 42.00 | OK | |||
r-release-windows-x86_64 | 1.1 | 17.00 | 92.00 | 109.00 | OK | |
r-oldrel-macos-arm64 | 1.1 | 25.00 | OK | |||
r-oldrel-macos-x86_64 | 1.1 | 35.00 | OK | |||
r-oldrel-windows-x86_64 | 1.1 | 20.00 | 90.00 | 110.00 | OK |
Version: 1.1
Check: compiled code
Result: NOTE
File ‘clogitboost/libs/clogitboost.so’:
Found no calls to: ‘R_registerRoutines’, ‘R_useDynamicSymbols’
It is good practice to register native routines and to disable symbol
search.
See ‘Writing portable packages’ in the ‘Writing R Extensions’ manual.
Flavors: r-devel-linux-x86_64-fedora-clang, r-devel-linux-x86_64-fedora-gcc