CRAN Package Check Results for Package clue

Last updated on 2018-10-16 22:56:06 CEST.

Flavor Version Tinstall Tcheck Ttotal Status Flags
r-devel-linux-x86_64-debian-clang 0.3-56 9.08 62.38 71.46 OK
r-devel-linux-x86_64-debian-gcc 0.3-56 5.88 48.19 54.07 OK
r-devel-linux-x86_64-fedora-clang 0.3-56 82.88 OK
r-devel-linux-x86_64-fedora-gcc 0.3-56 80.81 OK
r-devel-windows-ix86+x86_64 0.3-56 29.00 122.00 151.00 OK
r-patched-linux-x86_64 0.3-56 8.36 58.64 67.00 OK
r-patched-solaris-x86 0.3-56 109.40 NOTE
r-release-linux-x86_64 0.3-56 7.86 58.79 66.65 OK
r-release-windows-ix86+x86_64 0.3-56 19.00 115.00 134.00 OK
r-release-osx-x86_64 0.3-56 OK
r-oldrel-windows-ix86+x86_64 0.3-56 24.00 105.00 129.00 OK
r-oldrel-osx-x86_64 0.3-56 OK

Check Details

Version: 0.3-56
Check: package dependencies
Result: NOTE
    Package which this enhances but not available for checking: ‘RWeka’
Flavor: r-patched-solaris-x86