CRAN Package Check Results for Package clue

Last updated on 2018-07-17 22:50:27 CEST.

Flavor Version Tinstall Tcheck Ttotal Status Flags
r-devel-linux-x86_64-debian-clang 0.3-55 8.44 60.09 68.53 OK
r-devel-linux-x86_64-debian-gcc 0.3-55 5.79 46.81 52.60 OK
r-devel-linux-x86_64-fedora-clang 0.3-55 85.59 OK
r-devel-linux-x86_64-fedora-gcc 0.3-55 77.57 OK
r-devel-windows-ix86+x86_64 0.3-55 27.00 122.00 149.00 OK
r-patched-linux-x86_64 0.3-55 7.50 58.34 65.84 OK
r-patched-solaris-x86 0.3-55 118.10 NOTE
r-release-linux-x86_64 0.3-55 7.98 59.05 67.03 OK
r-release-windows-ix86+x86_64 0.3-55 24.00 134.00 158.00 OK
r-release-osx-x86_64 0.3-55 OK
r-oldrel-windows-ix86+x86_64 0.3-55 12.00 126.00 138.00 OK
r-oldrel-osx-x86_64 0.3-55 NOTE

Check Details

Version: 0.3-55
Check: package dependencies
Result: NOTE
    Package which this enhances but not available for checking: ‘RWeka’
Flavor: r-patched-solaris-x86

Version: 0.3-55
Check: dependencies in R code
Result: NOTE
    Missing objects imported by ':::' calls:
     ‘relations:::.make_fit_relation_symdiff_B’
     ‘relations:::fit_relation_LP’ ‘relations:::fit_relation_LP_E_k’
Flavor: r-oldrel-osx-x86_64