CRAN Package Check Results for Package clusterSim

Last updated on 2017-11-24 22:50:56 CET.

Flavor Version Tinstall Tcheck Ttotal Status Flags
r-devel-linux-x86_64-debian-clang 0.46-2 3.45 138.86 142.32 OK
r-devel-linux-x86_64-debian-gcc 0.46-2 2.37 123.64 126.01 OK
r-devel-linux-x86_64-fedora-clang 0.46-2 107.12 NOTE
r-devel-linux-x86_64-fedora-gcc 0.46-2 106.53 NOTE
r-devel-windows-ix86+x86_64 0.46-2 11.00 116.00 127.00 NOTE
r-patched-linux-x86_64 0.46-2 5.30 135.71 141.01 OK
r-patched-solaris-x86 0.46-2 130.50 NOTE
r-release-linux-x86_64 0.46-2 4.08 138.80 142.88 OK
r-release-windows-ix86+x86_64 0.46-2 12.00 119.00 131.00 NOTE
r-release-osx-x86_64 0.46-2 NOTE
r-oldrel-windows-ix86+x86_64 0.46-2 11.00 115.00 126.00 NOTE
r-oldrel-osx-x86_64 0.46-2 NOTE

Check Details

Version: 0.46-2
Check: installed package size
Result: NOTE
     installed size is 5.5Mb
     sub-directories of 1Mb or more:
     doc 2.9Mb
     pdf 2.2Mb
Flavors: r-devel-linux-x86_64-fedora-clang, r-devel-linux-x86_64-fedora-gcc, r-devel-windows-ix86+x86_64, r-patched-solaris-x86, r-release-windows-ix86+x86_64, r-release-osx-x86_64, r-oldrel-windows-ix86+x86_64, r-oldrel-osx-x86_64