CRAN Package Check Results for Package clusterSim

Last updated on 2018-06-24 22:49:12 CEST.

Flavor Version Tinstall Tcheck Ttotal Status Flags
r-devel-linux-x86_64-debian-clang 0.47-1 12.01 95.35 107.36 OK
r-devel-linux-x86_64-debian-gcc 0.47-1 8.55 73.18 81.73 OK
r-devel-linux-x86_64-fedora-clang 0.47-1 122.82 NOTE
r-devel-linux-x86_64-fedora-gcc 0.47-1 116.35 OK
r-devel-windows-ix86+x86_64 0.47-1 21.00 138.00 159.00 NOTE
r-patched-linux-x86_64 0.47-1 9.30 92.10 101.40 OK
r-patched-solaris-x86 0.47-1 145.20 NOTE
r-release-linux-x86_64 0.47-1 9.29 91.43 100.72 OK
r-release-windows-ix86+x86_64 0.47-1 27.00 115.00 142.00 NOTE
r-release-osx-x86_64 0.47-1 NOTE
r-oldrel-windows-ix86+x86_64 0.47-1 23.00 134.00 157.00 NOTE
r-oldrel-osx-x86_64 0.47-1 NOTE

Check Details

Version: 0.47-1
Check: installed package size
Result: NOTE
     installed size is 5.7Mb
     sub-directories of 1Mb or more:
     doc 2.9Mb
     pdf 2.2Mb
Flavors: r-devel-linux-x86_64-fedora-clang, r-devel-windows-ix86+x86_64, r-patched-solaris-x86, r-release-windows-ix86+x86_64, r-release-osx-x86_64, r-oldrel-windows-ix86+x86_64, r-oldrel-osx-x86_64