CRAN Package Check Results for Package clusterSim

Last updated on 2018-09-23 22:46:51 CEST.

Flavor Version Tinstall Tcheck Ttotal Status Flags
r-devel-linux-x86_64-debian-clang 0.47-1 8.75 95.85 104.60 OK
r-devel-linux-x86_64-debian-gcc 0.47-1 7.41 75.71 83.12 OK
r-devel-linux-x86_64-fedora-clang 0.47-1 122.26 NOTE
r-devel-linux-x86_64-fedora-gcc 0.47-1 119.10 OK
r-devel-windows-ix86+x86_64 0.47-1 25.00 185.00 210.00 NOTE
r-patched-linux-x86_64 0.47-1 8.07 91.90 99.97 OK
r-patched-solaris-x86 0.47-1 143.00 NOTE
r-release-linux-x86_64 0.47-1 9.44 92.86 102.30 OK
r-release-windows-ix86+x86_64 0.47-1 18.00 183.00 201.00 NOTE
r-release-osx-x86_64 0.47-1 NOTE
r-oldrel-windows-ix86+x86_64 0.47-1 12.00 176.00 188.00 NOTE
r-oldrel-osx-x86_64 0.47-1 NOTE

Check Details

Version: 0.47-1
Check: installed package size
Result: NOTE
     installed size is 5.7Mb
     sub-directories of 1Mb or more:
     doc 2.9Mb
     pdf 2.2Mb
Flavors: r-devel-linux-x86_64-fedora-clang, r-devel-windows-ix86+x86_64, r-patched-solaris-x86, r-release-windows-ix86+x86_64, r-release-osx-x86_64, r-oldrel-windows-ix86+x86_64, r-oldrel-osx-x86_64