CRAN Package Check Results for Package clusterSim

Last updated on 2018-02-24 22:47:21 CET.

Flavor Version Tinstall Tcheck Ttotal Status Flags
r-devel-linux-x86_64-debian-clang 0.47-1 9.50 92.10 101.60 OK
r-devel-linux-x86_64-debian-gcc 0.47-1 8.77 67.84 76.61 OK
r-devel-linux-x86_64-fedora-clang 0.47-1 118.24 NOTE
r-devel-linux-x86_64-fedora-gcc 0.47-1 115.05 NOTE
r-devel-windows-ix86+x86_64 0.47-1 28.00 167.00 195.00 NOTE
r-patched-linux-x86_64 0.47-1 3.26 97.74 101.00 OK
r-patched-solaris-x86 0.47-1 127.40 NOTE
r-release-linux-x86_64 0.47-1 3.69 95.58 99.27 OK
r-release-windows-ix86+x86_64 0.47-1 18.00 173.00 191.00 NOTE
r-release-osx-x86_64 0.47-1 NOTE
r-oldrel-windows-ix86+x86_64 0.47-1 13.00 121.00 134.00 NOTE
r-oldrel-osx-x86_64 0.47-1 NOTE

Check Details

Version: 0.47-1
Check: installed package size
Result: NOTE
     installed size is 5.7Mb
     sub-directories of 1Mb or more:
     doc 2.9Mb
     pdf 2.2Mb
Flavors: r-devel-linux-x86_64-fedora-clang, r-devel-linux-x86_64-fedora-gcc, r-devel-windows-ix86+x86_64, r-patched-solaris-x86, r-release-windows-ix86+x86_64, r-release-osx-x86_64, r-oldrel-windows-ix86+x86_64, r-oldrel-osx-x86_64