CRAN Package Check Results for Package clusterfly

Last updated on 2017-11-21 22:47:47 CET.

Flavor Version Tinstall Tcheck Ttotal Status Flags
r-devel-linux-x86_64-debian-clang 0.4 1.34 27.54 28.88 NOTE
r-devel-linux-x86_64-debian-gcc 0.4 1.62 62.07 63.69 NOTE
r-devel-linux-x86_64-fedora-clang 0.4 51.30 NOTE
r-devel-linux-x86_64-fedora-gcc 0.4 88.13 NOTE
r-devel-windows-ix86+x86_64 0.4 72.00 4.00 76.00 ERROR
r-patched-linux-x86_64 0.4 1.46 29.39 30.85 NOTE
r-release-linux-x86_64 0.4 1.47 29.80 31.28 NOTE
r-release-windows-ix86+x86_64 0.4 22.00 4.00 26.00 ERROR
r-release-osx-x86_64 0.4 ERROR
r-oldrel-windows-ix86+x86_64 0.4 4.00 74.00 78.00 ERROR
r-oldrel-osx-x86_64 0.4 ERROR

Check Details

Version: 0.4
Check: dependencies in R code
Result: NOTE
    'library' or 'require' call to ‘ggplot2’ in package code.
     Please use :: or requireNamespace() instead.
     See section 'Suggested packages' in the 'Writing R Extensions' manual.
Flavors: r-devel-linux-x86_64-debian-clang, r-devel-linux-x86_64-debian-gcc, r-devel-linux-x86_64-fedora-clang, r-devel-linux-x86_64-fedora-gcc, r-patched-linux-x86_64, r-release-linux-x86_64

Version: 0.4
Check: R code for possible problems
Result: NOTE
    cfly_dist: no visible global function definition for ‘ggplot’
    cfly_dist: no visible global function definition for ‘aes_string’
    cfly_dist: no visible global function definition for ‘geom_density’
    cfly_dist: no visible global function definition for ‘facet_grid’
    cfly_fluct: no visible global function definition for ‘ggplot’
    cfly_fluct: no visible global function definition for ‘aes_string’
    cfly_fluct: no visible global function definition for ‘geom_tile’
    cfly_fluct: no visible global function definition for
     ‘scale_y_discrete’
    cfly_fluct: no visible global function definition for
     ‘scale_x_discrete’
    cfly_fluct: no visible global function definition for ‘theme’
    cfly_pcp: no visible global function definition for ‘ggplot’
    cfly_pcp: no visible global function definition for ‘aes_string’
    cfly_pcp: no visible global function definition for ‘geom_line’
    cfly_pcp: no visible global function definition for ‘facet_wrap’
    cut.hierfly: no visible global function definition for ‘cutree’
    ellipse: no visible global function definition for ‘var’
    ellipse: no visible global function definition for ‘rnorm’
    ellipse: no visible global function definition for ‘qf’
    ggobi.somiter: no visible binding for global variable ‘step’
    hierarchical: no visible global function definition for ‘cutree’
    hierarchical: no visible global function definition for ‘hclust’
    hierarchical: no visible global function definition for ‘dist’
    hierfly: no visible global function definition for ‘hclust’
    hierfly: no visible global function definition for ‘dist’
    olive_example: no visible binding for global variable ‘kmeans’
    print.hierfly: no visible global function definition for ‘str’
    rescaler : <anonymous>: no visible global function definition for ‘sd’
    rescaler : <anonymous>: no visible global function definition for
     ‘median’
    rescaler : <anonymous>: no visible global function definition for ‘mad’
    som_iterate: no visible global function definition for ‘quantile’
    som_iterate: no visible global function definition for ‘unit.distances’
    summary.somiter : interesting: no visible global function definition
     for ‘sd’
    Undefined global functions or variables:
     aes_string cutree dist facet_grid facet_wrap geom_density geom_line
     geom_tile ggplot hclust kmeans mad median qf quantile rnorm
     scale_x_discrete scale_y_discrete sd step str theme unit.distances
     var
    Consider adding
     importFrom("stats", "cutree", "dist", "hclust", "kmeans", "mad",
     "median", "qf", "quantile", "rnorm", "sd", "step", "var")
     importFrom("utils", "str")
    to your NAMESPACE file.
Flavors: r-devel-linux-x86_64-debian-clang, r-devel-linux-x86_64-debian-gcc, r-devel-linux-x86_64-fedora-clang, r-devel-linux-x86_64-fedora-gcc, r-patched-linux-x86_64, r-release-linux-x86_64

Version: 0.4
Check: whether package can be installed
Result: ERROR
    Installation failed.
Flavors: r-devel-windows-ix86+x86_64, r-release-windows-ix86+x86_64, r-oldrel-windows-ix86+x86_64

Version: 0.4
Check: package dependencies
Result: ERROR
    Packages required but not available: ‘rggobi’ ‘RGtk2’
    
    See section ‘The DESCRIPTION file’ in the ‘Writing R Extensions’
    manual.
Flavor: r-release-osx-x86_64

Version: 0.4
Check: package dependencies
Result: ERROR
    Package required but not available: ‘rggobi’
    
    See section ‘The DESCRIPTION file’ in the ‘Writing R Extensions’
    manual.
Flavor: r-oldrel-osx-x86_64