CRAN Package Check Results for Package clustermq

Last updated on 2021-04-15 22:51:04 CEST.

Flavor Version Tinstall Tcheck Ttotal Status Flags
r-devel-linux-x86_64-debian-clang 0.8.95.1 41.48 60.97 102.45 NOTE
r-devel-linux-x86_64-debian-gcc 0.8.95.1 30.83 48.58 79.41 NOTE
r-devel-linux-x86_64-fedora-clang 0.8.95.1 146.84 NOTE
r-devel-linux-x86_64-fedora-gcc 0.8.95.1 130.83 NOTE
r-devel-windows-ix86+x86_64 0.8.95.1 104.00 120.00 224.00 NOTE
r-devel-windows-x86_64-gcc10-UCRT 0.8.95.1 NOTE
r-patched-linux-x86_64 0.8.95.1 33.78 58.36 92.14 OK
r-patched-solaris-x86 0.8.95.1 151.40 NOTE
r-release-linux-x86_64 0.8.95.1 36.00 58.79 94.79 OK
r-release-macos-x86_64 0.8.95.1 NOTE
r-release-windows-ix86+x86_64 0.8.95.1 105.00 119.00 224.00 OK
r-oldrel-macos-x86_64 0.8.95.1 NOTE
r-oldrel-windows-ix86+x86_64 0.8.95.1 83.00 82.00 165.00 OK

Check Details

Version: 0.8.95.1
Check: LazyData
Result: NOTE
     'LazyData' is specified without a 'data' directory
Flavors: r-devel-linux-x86_64-debian-clang, r-devel-linux-x86_64-debian-gcc, r-devel-linux-x86_64-fedora-clang, r-devel-linux-x86_64-fedora-gcc, r-devel-windows-ix86+x86_64, r-devel-windows-x86_64-gcc10-UCRT

Version: 0.8.95.1
Check: top-level files
Result: NOTE
    ‘configure’: ‘env bash’ is not portable as bash need not be installed
Flavors: r-devel-linux-x86_64-fedora-clang, r-devel-linux-x86_64-fedora-gcc

Version: 0.8.95.1
Check: dependencies in R code
Result: NOTE
    Namespaces in Imports field not imported from:
     ‘R6’ ‘methods’ ‘purrr’
     All declared Imports should be used.
Flavors: r-devel-linux-x86_64-fedora-clang, r-devel-linux-x86_64-fedora-gcc, r-devel-windows-x86_64-gcc10-UCRT, r-patched-solaris-x86, r-release-macos-x86_64, r-oldrel-macos-x86_64

Version: 0.8.95.1
Check: installed package size
Result: NOTE
     installed size is 13.8Mb
     sub-directories of 1Mb or more:
     libs 12.8Mb
Flavor: r-release-macos-x86_64