Last updated on 2023-09-24 22:59:35 CEST.
Flavor | Version | Tinstall | Tcheck | Ttotal | Status | Flags |
---|---|---|---|---|---|---|
r-devel-linux-x86_64-debian-clang | 0.5.0 | 10.87 | 218.26 | 229.13 | OK | |
r-devel-linux-x86_64-debian-gcc | 0.5.0 | 7.85 | 160.08 | 167.93 | OK | |
r-devel-linux-x86_64-fedora-clang | 0.5.0 | 274.30 | OK | |||
r-devel-linux-x86_64-fedora-gcc | 0.5.0 | 292.80 | OK | |||
r-devel-windows-x86_64 | 0.5.0 | 10.00 | 173.00 | 183.00 | OK | |
r-patched-linux-x86_64 | 0.5.0 | 6.17 | 205.21 | 211.38 | OK | |
r-release-linux-x86_64 | 0.5.0 | 6.32 | 208.20 | 214.52 | OK | |
r-release-macos-arm64 | 0.5.0 | 86.00 | OK | |||
r-release-macos-x86_64 | 0.5.0 | 120.00 | NOTE | |||
r-release-windows-x86_64 | 0.5.0 | 12.00 | 214.00 | 226.00 | OK | |
r-oldrel-macos-arm64 | 0.5.0 | 84.00 | OK | |||
r-oldrel-macos-x86_64 | 0.5.0 | 109.00 | OK | |||
r-oldrel-windows-x86_64 | 0.5.0 | 12.00 | 221.00 | 233.00 | OK |
Version: 0.5.0
Check: package dependencies
Result: NOTE
Package suggested but not available for checking: ‘Seurat’
Flavor: r-release-macos-x86_64