CRAN Package Check Results for Package clustree

Last updated on 2021-04-16 22:50:53 CEST.

Flavor Version Tinstall Tcheck Ttotal Status Flags
r-devel-linux-x86_64-debian-clang 0.4.3 9.37 175.09 184.46 OK
r-devel-linux-x86_64-debian-gcc 0.4.3 6.58 126.57 133.15 OK
r-devel-linux-x86_64-fedora-clang 0.4.3 230.00 OK
r-devel-linux-x86_64-fedora-gcc 0.4.3 206.50 OK
r-devel-windows-ix86+x86_64 0.4.3 21.00 208.00 229.00 OK
r-devel-windows-x86_64-gcc10-UCRT 0.4.3 OK
r-patched-linux-x86_64 0.4.3 9.42 158.15 167.57 OK
r-patched-solaris-x86 0.4.3 290.30 OK
r-release-linux-x86_64 0.4.3 7.70 158.41 166.11 OK
r-release-macos-x86_64 0.4.3 OK
r-release-windows-ix86+x86_64 0.4.3 21.00 182.00 203.00 OK
r-oldrel-macos-x86_64 0.4.3 NOTE
r-oldrel-windows-ix86+x86_64 0.4.3 12.00 201.00 213.00 OK

Check Details

Version: 0.4.3
Check: package dependencies
Result: NOTE
    Package suggested but not available for checking: ‘SingleCellExperiment’
Flavor: r-oldrel-macos-x86_64