CRAN Package Check Results for Package clv

Last updated on 2017-11-18 22:47:11.

Flavor Version Tinstall Tcheck Ttotal Status Flags
r-devel-linux-x86_64-debian-clang 0.3-2.1 2.28 18.99 21.27 NOTE
r-devel-linux-x86_64-debian-gcc 0.3-2.1 3.07 20.58 23.64 NOTE
r-devel-linux-x86_64-fedora-clang 0.3-2.1 36.43 NOTE
r-devel-linux-x86_64-fedora-gcc 0.3-2.1 34.31 NOTE
r-devel-windows-ix86+x86_64 0.3-2.1 46.00 50.00 96.00 OK
r-patched-linux-x86_64 0.3-2.1 2.36 18.72 21.08 NOTE
r-patched-solaris-x86 0.3-2.1 58.30 OK
r-release-linux-x86_64 0.3-2.1 2.30 18.62 20.92 NOTE
r-release-windows-ix86+x86_64 0.3-2.1 14.00 60.00 74.00 OK
r-release-osx-x86_64 0.3-2.1 OK
r-oldrel-windows-ix86+x86_64 0.3-2.1 14.00 54.00 68.00 OK
r-oldrel-osx-x86_64 0.3-2.1 OK

Check Details

Version: 0.3-2.1
Check: compiled code
Result: NOTE
    File ‘clv/libs/clv.so’:
     Found no calls to: ‘R_registerRoutines’, ‘R_useDynamicSymbols’
    
    It is good practice to register native routines and to disable symbol
    search.
    
    See ‘Writing portable packages’ in the ‘Writing R Extensions’ manual.
Flavors: r-devel-linux-x86_64-debian-clang, r-devel-linux-x86_64-debian-gcc, r-devel-linux-x86_64-fedora-clang, r-devel-linux-x86_64-fedora-gcc, r-patched-linux-x86_64, r-release-linux-x86_64