Last updated on 2021-04-10 22:52:19 CEST.
Flavor | Version | Tinstall | Tcheck | Ttotal | Status | Flags |
---|---|---|---|---|---|---|
r-devel-linux-x86_64-debian-clang | 1.0.2 | 2.94 | 31.54 | 34.48 | NOTE | |
r-devel-linux-x86_64-debian-gcc | 1.0.2 | 2.35 | 24.56 | 26.91 | NOTE | |
r-devel-linux-x86_64-fedora-clang | 1.0.2 | 50.19 | NOTE | |||
r-devel-linux-x86_64-fedora-gcc | 1.0.2 | 40.28 | NOTE | |||
r-devel-windows-ix86+x86_64 | 1.0.2 | 5.00 | 36.00 | 41.00 | NOTE | |
r-devel-windows-x86_64-gcc10-UCRT | 1.0.2 | NOTE | ||||
r-patched-linux-x86_64 | 1.0.2 | 3.01 | 31.08 | 34.09 | OK | |
r-patched-solaris-x86 | 1.0.2 | 63.60 | OK | |||
r-release-linux-x86_64 | 1.0.2 | 3.26 | 31.13 | 34.39 | OK | |
r-release-macos-x86_64 | 1.0.2 | OK | ||||
r-release-windows-ix86+x86_64 | 1.0.2 | 7.00 | 53.00 | 60.00 | OK | |
r-oldrel-macos-x86_64 | 1.0.2 | OK | ||||
r-oldrel-windows-ix86+x86_64 | 1.0.2 | 5.00 | 50.00 | 55.00 | OK |
Version: 1.0.2
Check: LazyData
Result: NOTE
'LazyData' is specified without a 'data' directory
Flavors: r-devel-linux-x86_64-debian-clang, r-devel-linux-x86_64-debian-gcc, r-devel-linux-x86_64-fedora-clang, r-devel-linux-x86_64-fedora-gcc, r-devel-windows-ix86+x86_64, r-devel-windows-x86_64-gcc10-UCRT