Last updated on 2024-04-18 22:52:35 CEST.
Flavor | Version | Tinstall | Tcheck | Ttotal | Status | Flags |
---|---|---|---|---|---|---|
r-devel-linux-x86_64-debian-clang | 0.2.7 | 7.60 | 55.13 | 62.73 | OK | |
r-devel-linux-x86_64-debian-gcc | 0.2.7 | 5.15 | 41.71 | 46.86 | OK | |
r-devel-linux-x86_64-fedora-clang | 0.2.7 | 81.52 | NOTE | |||
r-devel-linux-x86_64-fedora-gcc | 0.2.7 | 103.34 | NOTE | |||
r-prerel-macos-arm64 | 0.2.7 | 34.00 | OK | |||
r-prerel-windows-x86_64 | 0.2.7 | 9.00 | 64.00 | 73.00 | OK | |
r-patched-linux-x86_64 | 0.2.7 | 6.88 | 52.76 | 59.64 | OK | |
r-release-linux-x86_64 | 0.2.7 | 5.41 | 51.28 | 56.69 | OK | |
r-release-macos-arm64 | 0.2.7 | 42.00 | OK | |||
r-release-macos-x86_64 | 0.2.7 | 64.00 | OK | |||
r-release-windows-x86_64 | 0.2.7 | 10.00 | 69.00 | 79.00 | OK | |
r-oldrel-macos-arm64 | 0.2.7 | 33.00 | OK | |||
r-oldrel-windows-x86_64 | 0.2.7 | 11.00 | 72.00 | 83.00 | OK |
Version: 0.2.7
Check: data for non-ASCII characters
Result: NOTE
Note: found 4622 marked UTF-8 strings
Flavors: r-devel-linux-x86_64-fedora-clang, r-devel-linux-x86_64-fedora-gcc