Last updated on 2024-04-23 22:55:18 CEST.
Flavor | Version | Tinstall | Tcheck | Ttotal | Status | Flags |
---|---|---|---|---|---|---|
r-devel-linux-x86_64-debian-clang | 1.0.5 | 2.75 | 61.88 | 64.63 | NOTE | |
r-devel-linux-x86_64-debian-gcc | 1.0.5 | 3.42 | 47.71 | 51.13 | NOTE | |
r-devel-linux-x86_64-fedora-clang | 1.0.5 | 85.77 | NOTE | |||
r-devel-linux-x86_64-fedora-gcc | 1.0.5 | 91.05 | NOTE | |||
r-prerel-macos-arm64 | 1.0.5 | 23.00 | NOTE | |||
r-prerel-windows-x86_64 | 1.0.5 | 4.00 | 73.00 | 77.00 | NOTE | |
r-patched-linux-x86_64 | 1.0.5 | 6.34 | 54.31 | 60.65 | NOTE | |
r-release-linux-x86_64 | 1.0.5 | 4.31 | 65.94 | 70.25 | OK | |
r-release-macos-arm64 | 1.0.5 | 26.00 | OK | |||
r-release-macos-x86_64 | 1.0.5 | 41.00 | OK | |||
r-release-windows-x86_64 | 1.0.5 | 6.00 | 84.00 | 90.00 | OK | |
r-oldrel-macos-arm64 | 1.0.5 | 22.00 | OK | |||
r-oldrel-windows-x86_64 | 1.0.5 | 6.00 | 71.00 | 77.00 | OK |
Version: 1.0.5
Check: Rd files
Result: NOTE
checkRd: (-1) bvp.Rd:24: Lost braces
24 | differential equations. The code{midptivp} method solves initial
| ^
checkRd: (-1) ivp.Rd:38: Lost braces
38 | differential equations. The code{midptivp} method solves initial
| ^
checkRd: (-1) ivpsys.Rd:29: Lost braces
29 | differential equations. The code{midptivp} method solves initial
| ^
Flavors: r-devel-linux-x86_64-debian-clang, r-devel-linux-x86_64-debian-gcc, r-devel-linux-x86_64-fedora-clang, r-devel-linux-x86_64-fedora-gcc, r-prerel-macos-arm64, r-prerel-windows-x86_64, r-patched-linux-x86_64