CRAN Package Check Results for Package cmprskcoxmsm

Last updated on 2023-09-24 22:59:35 CEST.

Flavor Version Tinstall Tcheck Ttotal Status Flags
r-devel-linux-x86_64-debian-clang 0.2.1 13.46 141.32 154.78 OK
r-devel-linux-x86_64-debian-gcc 0.2.1 10.87 106.48 117.35 OK
r-devel-linux-x86_64-fedora-clang 0.2.1 188.79 OK
r-devel-linux-x86_64-fedora-gcc 0.2.1 203.67 OK
r-devel-windows-x86_64 0.2.1 13.00 140.00 153.00 OK
r-patched-linux-x86_64 0.2.1 13.19 134.36 147.55 OK
r-release-linux-x86_64 0.2.1 12.64 136.47 149.11 OK
r-release-macos-arm64 0.2.1 73.00 OK
r-release-macos-x86_64 0.2.1 109.00 NOTE
r-release-windows-x86_64 0.2.1 17.00 152.00 169.00 OK
r-oldrel-macos-arm64 0.2.1 57.00 OK
r-oldrel-macos-x86_64 0.2.1 136.00 OK
r-oldrel-windows-x86_64 0.2.1 17.00 156.00 173.00 OK

Check Details

Version: 0.2.1
Check: re-building of vignette outputs
Result: NOTE
    Error(s) in re-building vignettes:
     ...
    --- re-building ‘weight_cause_cox.rnw’ using Sweave
    Error: processing vignette 'weight_cause_cox.rnw' failed with diagnostics:
    Running 'texi2dvi' on 'weight_cause_cox.tex' failed.
    LaTeX errors:
    ! LaTeX Error: File `pgfplots.sty' not found.
    
    Type X to quit or <RETURN> to proceed,
    or enter new name. (Default extension: sty)
    
    ! Emergency stop.
    <read *>
    
    l.28 \pgfplotsset
     {compat=1.10}^^M
    ! ==> Fatal error occurred, no output PDF file produced!
    --- failed re-building ‘weight_cause_cox.rnw’
    
    SUMMARY: processing the following file failed:
     ‘weight_cause_cox.rnw’
    
    Error: Vignette re-building failed.
    Execution halted
Flavor: r-release-macos-x86_64