CRAN Package Check Results for Package cnbdistr

Last updated on 2023-10-02 22:07:55 CEST.

Flavor Version Tinstall Tcheck Ttotal Status Flags
r-devel-linux-x86_64-debian-clang 1.0.1 2.47 56.41 58.88 NOTE
r-devel-linux-x86_64-debian-gcc 1.0.1 2.04 38.70 40.74 NOTE
r-devel-linux-x86_64-fedora-clang 1.0.1 71.34 NOTE
r-devel-linux-x86_64-fedora-gcc 1.0.1 81.90 NOTE
r-devel-windows-x86_64 1.0.1 4.00 59.00 63.00 NOTE
r-patched-linux-x86_64 1.0.1 2.34 53.32 55.66 NOTE
r-release-linux-x86_64 1.0.1 2.52 53.84 56.36 NOTE
r-release-macos-arm64 1.0.1 33.00 NOTE
r-release-macos-x86_64 1.0.1 44.00 NOTE
r-release-windows-x86_64 1.0.1 4.00 62.00 66.00 NOTE
r-oldrel-macos-arm64 1.0.1 25.00 NOTE
r-oldrel-macos-x86_64 1.0.1 32.00 NOTE
r-oldrel-windows-x86_64 1.0.1 5.00 66.00 71.00 NOTE

Check Details

Version: 1.0.1
Check: LazyData
Result: NOTE
     'LazyData' is specified without a 'data' directory
Flavors: r-devel-linux-x86_64-debian-clang, r-devel-linux-x86_64-debian-gcc, r-devel-linux-x86_64-fedora-clang, r-devel-linux-x86_64-fedora-gcc, r-devel-windows-x86_64, r-patched-linux-x86_64, r-release-linux-x86_64, r-release-macos-arm64, r-release-macos-x86_64, r-release-windows-x86_64, r-oldrel-macos-arm64, r-oldrel-macos-x86_64, r-oldrel-windows-x86_64