CRAN Package Check Results for Package cnum

Last updated on 2023-01-27 23:37:53 CET.

Flavor Version Tinstall Tcheck Ttotal Status Flags
r-devel-linux-x86_64-debian-clang 0.1.3 45.41 35.43 80.84 NOTE
r-devel-linux-x86_64-debian-gcc 0.1.3 41.55 26.98 68.53 NOTE
r-devel-linux-x86_64-fedora-clang 0.1.3 108.60 NOTE
r-devel-linux-x86_64-fedora-gcc 0.1.3 114.51 NOTE
r-devel-windows-x86_64 0.1.3 42.00 79.00 121.00 NOTE
r-patched-linux-x86_64 0.1.3 42.82 35.72 78.54 NOTE
r-release-linux-x86_64 0.1.3 38.72 36.00 74.72 NOTE
r-release-macos-arm64 0.1.3 28.00 NOTE
r-release-macos-x86_64 0.1.3 38.00 NOTE
r-release-windows-x86_64 0.1.3 43.00 89.00 132.00 NOTE
r-oldrel-macos-arm64 0.1.3 33.00 NOTE
r-oldrel-macos-x86_64 0.1.3 61.00 NOTE
r-oldrel-windows-ix86+x86_64 0.1.3 106.00 91.00 197.00 NOTE

Check Details

Version: 0.1.3
Check: LazyData
Result: NOTE
     'LazyData' is specified without a 'data' directory
Flavors: r-devel-linux-x86_64-debian-clang, r-devel-linux-x86_64-debian-gcc, r-devel-linux-x86_64-fedora-clang, r-devel-linux-x86_64-fedora-gcc, r-devel-windows-x86_64, r-patched-linux-x86_64, r-release-linux-x86_64, r-release-macos-arm64, r-release-macos-x86_64, r-release-windows-x86_64, r-oldrel-macos-arm64, r-oldrel-macos-x86_64, r-oldrel-windows-ix86+x86_64

Version: 0.1.3
Check: C++ specification
Result: NOTE
     Specified C++11: please update to current default of C++17
Flavors: r-devel-linux-x86_64-debian-gcc, r-devel-linux-x86_64-fedora-gcc