CRAN Package Check Results for Package coalescentMCMC

Last updated on 2018-09-23 22:46:51 CEST.

Flavor Version Tinstall Tcheck Ttotal Status Flags
r-devel-linux-x86_64-debian-clang 0.4-1 6.84 83.06 89.90 NOTE
r-devel-linux-x86_64-debian-gcc 0.4-1 5.30 67.06 72.36 NOTE
r-devel-linux-x86_64-fedora-clang 0.4-1 106.49 NOTE
r-devel-linux-x86_64-fedora-gcc 0.4-1 102.56 NOTE
r-devel-windows-ix86+x86_64 0.4-1 17.00 161.00 178.00 NOTE
r-patched-linux-x86_64 0.4-1 5.58 70.05 75.63 NOTE
r-patched-solaris-x86 0.4-1 138.80 NOTE
r-release-linux-x86_64 0.4-1 4.90 70.63 75.53 NOTE
r-release-windows-ix86+x86_64 0.4-1 10.00 142.00 152.00 NOTE
r-release-osx-x86_64 0.4-1 NOTE
r-oldrel-windows-ix86+x86_64 0.4-1 10.00 142.00 152.00 NOTE
r-oldrel-osx-x86_64 0.4-1 NOTE

Check Details

Version: 0.4-1
Check: R code for possible problems
Result: NOTE
    coalescentMCMC: no visible global function definition for
     ‘packageVersion’
    coalescentMCMC : getparams: no visible global function definition for
     ‘nlminb’
    sim.coalescent: no visible global function definition for ‘plot’
    sim.coalescent: no visible global function definition for ‘segments’
    sim.coalescent: no visible global function definition for ‘points’
    Undefined global functions or variables:
     nlminb packageVersion plot points segments
    Consider adding
     importFrom("graphics", "plot", "points", "segments")
     importFrom("stats", "nlminb")
     importFrom("utils", "packageVersion")
    to your NAMESPACE file.
Flavors: r-devel-linux-x86_64-debian-clang, r-devel-linux-x86_64-debian-gcc, r-devel-linux-x86_64-fedora-clang, r-devel-linux-x86_64-fedora-gcc, r-devel-windows-ix86+x86_64, r-patched-linux-x86_64, r-patched-solaris-x86, r-release-linux-x86_64, r-release-windows-ix86+x86_64, r-release-osx-x86_64, r-oldrel-windows-ix86+x86_64, r-oldrel-osx-x86_64