CRAN Package Check Results for Package coalescentMCMC

Last updated on 2018-06-24 22:49:12 CEST.

Flavor Version Tinstall Tcheck Ttotal Status Flags
r-devel-linux-x86_64-debian-clang 0.4-1 5.69 83.02 88.71 NOTE
r-devel-linux-x86_64-debian-gcc 0.4-1 5.10 65.06 70.16 NOTE
r-devel-linux-x86_64-fedora-clang 0.4-1 110.78 NOTE
r-devel-linux-x86_64-fedora-gcc 0.4-1 101.14 NOTE
r-devel-windows-ix86+x86_64 0.4-1 20.00 125.00 145.00 NOTE
r-patched-linux-x86_64 0.4-1 4.35 70.72 75.07 NOTE
r-patched-solaris-x86 0.4-1 138.60 NOTE
r-release-linux-x86_64 0.4-1 5.19 71.18 76.37 NOTE
r-release-windows-ix86+x86_64 0.4-1 18.00 97.00 115.00 NOTE
r-release-osx-x86_64 0.4-1 NOTE
r-oldrel-windows-ix86+x86_64 0.4-1 16.00 144.00 160.00 NOTE
r-oldrel-osx-x86_64 0.4-1 NOTE

Check Details

Version: 0.4-1
Check: R code for possible problems
Result: NOTE
    coalescentMCMC: no visible global function definition for
     ‘packageVersion’
    coalescentMCMC : getparams: no visible global function definition for
     ‘nlminb’
    sim.coalescent: no visible global function definition for ‘plot’
    sim.coalescent: no visible global function definition for ‘segments’
    sim.coalescent: no visible global function definition for ‘points’
    Undefined global functions or variables:
     nlminb packageVersion plot points segments
    Consider adding
     importFrom("graphics", "plot", "points", "segments")
     importFrom("stats", "nlminb")
     importFrom("utils", "packageVersion")
    to your NAMESPACE file.
Flavors: r-devel-linux-x86_64-debian-clang, r-devel-linux-x86_64-debian-gcc, r-devel-linux-x86_64-fedora-clang, r-devel-linux-x86_64-fedora-gcc, r-devel-windows-ix86+x86_64, r-patched-linux-x86_64, r-patched-solaris-x86, r-release-linux-x86_64, r-release-windows-ix86+x86_64, r-release-osx-x86_64, r-oldrel-windows-ix86+x86_64, r-oldrel-osx-x86_64